{"version":"1.0","provider_name":"Sportler","provider_url":"https:\/\/www.skimo.at\/sportler","author_name":"kposch","author_url":"https:\/\/www.skimo.at\/sportler\/author\/kposch\/","title":"ISMF Weltcuprennen La Pitturina verschoben - Sportler","type":"rich","width":600,"height":338,"html":"<blockquote class=\"wp-embedded-content\"><a href=\"https:\/\/www.skimo.at\/sportler\/1812\/ismf-weltcuprennen-la-pitturina-verschoben\/\">ISMF Weltcuprennen La Pitturina verschoben<\/a><\/blockquote>\n<script type='text\/javascript'>\n<!--\/\/--><![CDATA[\/\/><!--\n\t\t\/*! This file is auto-generated *\/\n\t\t!function(d,l){\"use strict\";var e=!1,n=!1;if(l.querySelector)if(d.addEventListener)e=!0;if(d.wp=d.wp||{},!d.wp.receiveEmbedMessage)if(d.wp.receiveEmbedMessage=function(e){var t=e.data;if(t)if(t.secret||t.message||t.value)if(!\/[^a-zA-Z0-9]\/.test(t.secret)){for(var r,i,a,s=l.querySelectorAll('iframe[data-secret=\"'+t.secret+'\"]'),n=l.querySelectorAll('blockquote[data-secret=\"'+t.secret+'\"]'),o=new RegExp(\"^https?:$\",\"i\"),c=0;c<n.length;c++)n[c].style.display=\"none\";for(c=0;c<s.length;c++)if(r=s[c],e.source===r.contentWindow){if(r.removeAttribute(\"style\"),\"height\"===t.message){if(1e3<(a=parseInt(t.value,10)))a=1e3;else if(~~a<200)a=200;r.height=a}if(\"link\"===t.message)if(i=l.createElement(\"a\"),a=l.createElement(\"a\"),i.href=r.getAttribute(\"src\"),a.href=t.value,o.test(a.protocol))if(a.host===i.host)if(l.activeElement===r)d.top.location.href=t.value}}},e)d.addEventListener(\"message\",d.wp.receiveEmbedMessage,!1),l.addEventListener(\"DOMContentLoaded\",t,!1),d.addEventListener(\"load\",t,!1);function t(){if(!n){n=!0;for(var e,t,r=-1!==navigator.appVersion.indexOf(\"MSIE 10\"),i=!!navigator.userAgent.match(\/Trident.*rv:11\\.\/),a=l.querySelectorAll(\"iframe.wp-embedded-content\"),s=0;s<a.length;s++){if(!(e=a[s]).getAttribute(\"data-secret\"))t=Math.random().toString(36).substr(2,10),e.src+=\"#?secret=\"+t,e.setAttribute(\"data-secret\",t);if(r||i)(t=e.cloneNode(!0)).removeAttribute(\"security\"),e.parentNode.replaceChild(t,e)}}}}(window,document);\n\/\/--><!]]>\n<\/script><iframe sandbox=\"allow-scripts\" security=\"restricted\" src=\"https:\/\/www.skimo.at\/sportler\/1812\/ismf-weltcuprennen-la-pitturina-verschoben\/embed\/\" width=\"600\" height=\"338\" title=\"&#8222;ISMF Weltcuprennen La Pitturina verschoben&#8220; &#8211; Sportler\" frameborder=\"0\" marginwidth=\"0\" marginheight=\"0\" scrolling=\"no\" class=\"wp-embedded-content\"><\/iframe>","description":"Schlechte Nachrichten erreichen uns soeben aus Italien. Das &#8222;La Pitturina&#8220; \u00a0Weltcuprennen, das f\u00fcr kommendes Wochenende unmittelbar inter der \u00d6sterreichischen Grenze in Kartitsch geplant war, muss verschoben werden. Die \u00f6rtliche Verwaltung in Sappada hat aufgrund der vorhergesagten schweren Schneef\u00e4lle (mit einer Lawinenwarnstufe 5) angek\u00fcndigt, auch Stra\u00dfen zu sperren. Die Durchf\u00fchrung des Rennens ist damit nicht nur [&hellip;]"}

Schlechte Nachrichten erreichen uns soeben aus Italien. Das &#8222;La Pitturina&#8220;  Weltcuprennen, das für kommendes Wochenende unmittelbar inter der Österreichischen Grenze in Kartitsch geplant war, muss verschoben werden. Die örtliche Verwaltung in Sappada hat aufgrund der vorhergesagten schweren Schneefälle (mit einer Lawinenwarnstufe 5) angekündigt, auch Straßen zu sperren. Die Durchführung des Rennens ist damit nicht nur [&hellip;]
