{"id":33,"date":"2012-09-10T18:47:44","date_gmt":"2012-09-10T16:47:44","guid":{"rendered":"http:\/\/www.skimo.at\/skibergsteigen\/?page_id=33"},"modified":"2025-12-17T11:42:45","modified_gmt":"2025-12-17T09:42:45","slug":"reglement","status":"publish","type":"page","link":"https:\/\/www.skimo.at\/skibergsteigen\/service-und-downloads\/reglement\/","title":{"rendered":"Reglement"},"content":{"rendered":"<p>Das untenstehende SKIMO Austria Basisreglement ist die Mindestanforderung f\u00fcr Wettkampfe im Skibergsteigen im deutschsprachigen Raum. Die Einhaltung dieses\u00a0Regelwerks ist f\u00fcr alle Rennveranstalter dringend empfohlen, um eine m\u00f6glichst homogene\u00a0Entwicklung der Sportart grenz\u00fcbergreifend zu erm\u00f6glichen.<\/p>\n<h2>SKIMO Austria Basisreglement Skibergsteigen 2025\/2026<\/h2>\n<div class=\"article with-media\">\n<div class=\"text\">\n<div class=\"cmswysiwyg\">\n<p class=\"cleardiv\">F\u00fcr\u00a0Skibergsteiger-Wettk\u00e4mpfe in \u00d6sterreich\u00a0wird ein\u00a0einheitliches Reglement dringend empfohlen, um f\u00fcr die Wettk\u00e4mpfer Chancengleichheit und Fairness zu gew\u00e4hrleisten. Grundlage f\u00fcr alle Skibergsteiger-Wettk\u00e4mpfe auf Ebene der national zust\u00e4ndigen Verb\u00e4nde ist das internationale Reglement der ISMF, siehe Download unten auf der Seite.<\/p>\n<h3 class=\"cleardiv\">Wettkampfgestaltung:<\/h3>\n<p>In der Ausschreibung des Wettkampfes bzw. vor Ort muss klar ersichtlich sein wer den Wettkampf veranstaltet und wer f\u00fcr die Teilnehmer die Ansprechperson als Wettkampfleiter ist.<\/p>\n<\/div>\n<h3 class=\"cleardiv\"><\/h3>\n<div class=\"cmswysiwyg\">\n<h3 class=\"cleardiv\">Altersklassen:<\/h3>\n<ul>\n<li>U12: 11 &#8211; 12 (2014 &#8211; 2015)<\/li>\n<li>U14: 13 &#8211; 14 (2012 &#8211; 2013)<\/li>\n<\/ul>\n<ul>\n<li>U16: 15 &#8211; 16 (2010 &#8211; 2011)<\/li>\n<li>U18: 17 &#8211; 18 (2008 &#8211; 2009)<\/li>\n<li>U20: 19 &#8211; 20 (2006 &#8211; 2007)<\/li>\n<li>Senior: 21 &#8211; 45 (1981 &#8211; 2005)<\/li>\n<li>Masters: ab 46 (1980 und \u00e4lter)<\/li>\n<\/ul>\n<\/div>\n<\/div>\n<\/div>\n<div class=\"article tow-columns\">\n<div class=\"text\">\n<div class=\"cmswysiwyg\">\n<div id=\"Altersklassen\"><\/div>\n<p>Die Klassen U12 und U14 Sch\u00fcler k\u00f6nnen optional gef\u00fchrt werden (mit schriftlicher Erkl\u00e4rung oder Anwesenheit der Eltern bei der Registrierung).<\/p>\n<div class=\"cleardiv\">Eine Zusammenfassung von Altersklassen kann nur erfolgen, wenn sie in der Ausschreibung angek\u00fcndigt wurde.<\/div>\n<\/div>\n<\/div>\n<\/div>\n<div class=\"article with-media\">\n<div class=\"text\">\n<div class=\"cmswysiwyg\">\n<div id=\"Material\">\n<h3><\/h3>\n<h3>Als Ausr\u00fcstung ist verpflichtend f\u00fcr jeden L\u00e4ufer mitzuf\u00fchren:<\/h3>\n<\/div>\n<ul>\n<li>\n<div>Die Ausr\u00fcstung muss handels\u00fcblich sein und darf nicht ver\u00e4ndert werden.<\/div>\n<\/li>\n<li>\n<div>Ski mit Metallkanten, Mindestl\u00e4nge Herren 160cm, Damen 150cm<\/div>\n<\/li>\n<li>\n<div>Skitourenbindung mit vertikaler und lateraler\u00a0Ausl\u00f6sung; die Bindung muss Fersenfreiheit f\u00fcr den Aufstieg erlauben<\/div>\n<\/li>\n<li>\n<div>Skitourenschuhe;\u00a0Schuhe m\u00fcssen mind. 2 Verschlusssysteme\u00a0(z.B. Schnallen, Boa)\u00a0haben, \u00fcber den Kn\u00f6chel reichen und eine Mindestprofiltiefe von 4mm aufweisen<\/div>\n<\/li>\n<li>\n<div>Ein Paar Felle (m\u00fcssen auch im Ziel vorhanden sein!): Die Felle m\u00fcssen verpflichtend w\u00e4hrend der Abfahrtspassagen im Rucksack oder im Rennanzug verstaut werden<\/div>\n<\/li>\n<li>\n<div>Handschuhe, die die gesamte Hand bedecken (m\u00fcssen die gesamte Renndauer getragen werden) *<\/div>\n<\/li>\n<li>Bekleidung Oberk\u00f6rper: drei Schichten, eine davon lang\u00e4rmlig (am K\u00f6rper) und eine davon als Windstopper (am K\u00f6rper oder im Rucksack)<\/li>\n<li>Bekleidung Unterk\u00f6rper: Zwei lange Schichten, eine davon als Windstopper (im K\u00f6rper oder im Rucksack) *<\/li>\n<li>\n<div>3-Antennen VS-Ger\u00e4t (457 kHz),\u00a0am K\u00f6rper. Eingeschaltet! *<\/div>\n<\/li>\n<li>\n<div>Lawinenschaufel mit Stiel, mind. 0,04m\u00b2 Blattgr\u00f6\u00dfe, Stiel mit L- oder T-Griff, mind. 50cm L\u00e4nge *<\/div>\n<\/li>\n<li>\n<div>Lawinensonde, mind. 2,4m lang; Durchmesser mind. 10mm *<\/div>\n<\/li>\n<li>\n<div>Rettungsdecke, mind. 1,8m\u00b2 gro\u00df *<\/div>\n<\/li>\n<li>\n<div>Signalpfeife *<\/div>\n<\/li>\n<li>\n<div>Sonnenbrille\/ Skibrille *<\/div>\n<\/li>\n<li>\n<div>Rucksack mit M\u00f6glichkeiten zur Skibefestigung *<\/div>\n<\/li>\n<li>\n<div>Helme m\u00fcssen der \u201eBergsport-Norm\u201c (EN12492 oder UIAA 106) und der \u201eSki-AlpinNorm\u201c EN1077 (classB) entsprechen *<\/div>\n<\/li>\n<li>\n<div>Der Teilnehmer soll zwei Startnummern erhalten. Eine davon f\u00fcr den Oberschenkel rechts vorne, die zweite f\u00fcr den Rucksack.<\/div>\n<\/li>\n<li>\n<div>Empfohlen: ein Mobiltelefon, um bei einem Unfall Hilfe anfordern zu k\u00f6nnen<\/div>\n<\/li>\n<\/ul>\n<p>Die mit einem\u00a0<strong>\u2217<\/strong> gekennzeichneten Ausr\u00fcstungsteile k\u00f6nnen bei Verticalrennen und Sprintrennen vom Veranstalter weggelassen werden, sofern die Strecke und die Wetterbedingungen dies erlauben, siehe Tabelle unten.<br \/>\nEinfach-zertifizierte Helme k\u00f6nnen vom Veranstalter f\u00fcr alle Disziplinen zugelassen werden.<br \/>\nEs sind dies jedoch ausdr\u00fccklich KANN Bestimmungen und es wird ausdr\u00fccklich auf die Verantwortung des Veranstalters f\u00fcr eine sichere Durchf\u00fchrung hingewiesen.<\/p>\n<p><strong>Kurz\u00fcbersicht verpflichtende Ausr\u00fcstung 2026:<\/strong><\/p>\n<div>\n<p><a href=\"http:\/\/www.skimo.at\/skibergsteigen\/files\/2012\/09\/Verpflichtende-Ausr\u00fcstung-2020.jpg\" rel=\"attachment wp-att-190140\"><img loading=\"lazy\" class=\"size-large wp-image-190140\" title=\"Verpflichtende Ausr\u00fcstung 2020\" src=\"http:\/\/www.skimo.at\/skibergsteigen\/files\/2012\/09\/Verpflichtende-Ausr\u00fcstung-2020-600x211.jpg\" alt=\"Verpflichtende Ausr\u00fcstung 2020\" width=\"600\" height=\"211\" srcset=\"https:\/\/www.skimo.at\/skibergsteigen\/files\/2012\/09\/Verpflichtende-Ausr\u00fcstung-2020-600x211.jpg 600w, https:\/\/www.skimo.at\/skibergsteigen\/files\/2012\/09\/Verpflichtende-Ausr\u00fcstung-2020-300x106.jpg 300w, https:\/\/www.skimo.at\/skibergsteigen\/files\/2012\/09\/Verpflichtende-Ausr\u00fcstung-2020-554x195.jpg 554w, https:\/\/www.skimo.at\/skibergsteigen\/files\/2012\/09\/Verpflichtende-Ausr\u00fcstung-2020-178x63.jpg 178w, https:\/\/www.skimo.at\/skibergsteigen\/files\/2012\/09\/Verpflichtende-Ausr\u00fcstung-2020.jpg 625w\" sizes=\"(max-width: 600px) 100vw, 600px\" \/><\/a><\/p>\n<\/div>\n<div><\/div>\n<\/div>\n<\/div>\n<\/div>\n<div><\/div>\n<div><\/div>\n<div><\/div>\n<div><\/div>\n<div><\/div>\n<div><\/div>\n<div><\/div>\n<div><\/div>\n<div><\/div>\n<div><\/div>\n<div class=\"article with-media\">\n<aside><strong>Zus\u00e4tzlich kann ggf. durch den Ausrichter vorgeschrieben werden (siehe Ausschreibung der Rennen):<\/strong><\/aside>\n<\/div>\n<div class=\"article tow-columns\">\n<div class=\"text\">\n<div class=\"cmswysiwyg\">\n<ul>\n<li>\n<div>f\u00fcr Ober- und Unterk\u00f6rper jeweils eine weitere Bekleidungsschicht<\/div>\n<\/li>\n<li>\n<div>zwei Paar Handschuhe<\/div>\n<\/li>\n<li>\n<div>zwei Paar Felle<\/div>\n<\/li>\n<li>\n<div>eine 2. Brille<\/div>\n<\/li>\n<li>\n<div>Sitzgurt\u00a0gem\u00e4\u00df UIAA Norm<\/div>\n<\/li>\n<li>\n<div>Klettersteigset gem\u00e4\u00df UIAA 153<\/div>\n<\/li>\n<li>\n<div>Steigeisen nach UIAA 153 Norm\u00a0(m\u00fcssen bei Nicht-Benutzung Zacken gegen Zacken im Rucksack verstaut werden)<\/div>\n<\/li>\n<li>Seil mit einem mind. Durchmesser von 8mm, mind. L\u00e4nge 30m, gem\u00e4\u00df der Norm UIAA 101<\/li>\n<li>\n<div>Stirnlampe<\/div>\n<\/li>\n<li>\n<div>Stirnband, M\u00fctze oder Rennanzugkapuze<\/div>\n<\/li>\n<\/ul>\n<div>Die Vollst\u00e4ndigkeit der Ausr\u00fcstung obliegt dem Teilnehmer. Eine Kontrolle des LVS-Ger\u00e4tes wird unmittelbar vor dem Start durchgef\u00fchrt. Die gesamte Ausr\u00fcstung wird direkt nach dem Zieleinlauf (zumindest stichprobenartig) kontrolliert. Fehlende oder mangelhafte Ausr\u00fcstung f\u00fchrt zu Zeitstrafen oder Disqualifikation. Es gilt der Zeitstrafenkatalog der ISMF in der jeweils aktuellsten Fassung . Der Veranstalter kann zus\u00e4tzlich vor dem Start eine \u00dcberpr\u00fcfung der gesamten Ausr\u00fcstung anbieten.<\/div>\n<div class=\"cleardiv\"><\/div>\n<\/div>\n<\/div>\n<aside class=\"media\"><\/aside>\n<\/div>\n<div class=\"article tow-columns\"><\/div>\n<div class=\"article tow-columns\">\n<div class=\"text\">\n<h3>Streckenf\u00fchrung:<\/h3>\n<div class=\"cmswysiwyg\">\n<ul id=\"Streckenf\u00fchrung\">\n<li>Die Strecke ist mit Schildern markiert. Richtungsangaben m\u00fcssen befolgt werden.<\/li>\n<li>Gr\u00fcne\u00a0Markierung\/ Fahnen\u00a0= Aufstieg, rote\u00a0Markierung\/ Fahnen\u00a0= Abfahrt, Gelbe Markierung\/ Fahnen: Tragepassage; Gelbe Schilder mit schwarzem Balken = Gefahr. Die Route nicht zu verlieren liegt in der Verantwortung des Teilnehmers<\/li>\n<li>Sind Fixseile angebracht, muss in den Abschnitten des Seils immer mindestens ein Karabiner eingeh\u00e4ngt sein. Dabei m\u00fcssen Ski und St\u00f6cke fix am Rucksack befestigt sein.<\/li>\n<li>Die Rennleitung kann aufgrund von Witterungsverh\u00e4ltnissen oder aus anderen Gr\u00fcnden jederzeit das Rennen abbrechen. Den Streckenposten ist in diesem Falle unbedingt Folge zu leisten.<\/li>\n<\/ul>\n<p><span style=\"color: inherit;font-size: 1.56em;font-weight: 600\">Fair Play:<\/span><\/p>\n<\/div>\n<\/div>\n<\/div>\n<div class=\"article tow-columns\">\n<div class=\"text\">\n<div class=\"cmswysiwyg\">\n<ul id=\"FairPlay\">\n<li>Die Anwesenheit beim Athletenbriefing unmittelbar vor dem Start im Startbereich ist f\u00fcr alle Teilnehmer verpflichtend.<\/li>\n<li>Die vorgeschriebenen Fell- und Fortbewegungswechsel\u00a0m\u00fcssen durchgef\u00fchrt werden. Dazu sind ausschlie\u00dflich die markierten Wechselzonen zu benutzen.<\/li>\n<li>In Tragepassagen sind die Ski grunds\u00e4tzlich am Rucksack zu befestigen. Ausnahmen werden beim Athletenbriefing bekannt gegeben.<\/li>\n<li>Die St\u00f6cke d\u00fcrfen w\u00e4hrend der Wechsel nicht im Rucksack verstaut werden sondern m\u00fcssen auf den Boden niedergelegt werden (Verletzungsgefahr anderer Teilnehmer!)<\/li>\n<li>Felle m\u00fcssen vor dem Verlassen der Wechselzone verpflichtend im Rucksack oder im Rennanzug verstaut werden.<\/li>\n<li>Jeder Wettk\u00e4mpfer muss auf Kommando \u201eSpur\u201c diese f\u00fcr \u00dcberholende freimachen.<\/li>\n<li>Jeder Wettk\u00e4mpfer kann von der Jury aus dem Rennen genommen werden.<\/li>\n<li>Zur Hilfeleistung gegen\u00fcber einer in Gefahr befindlichen Person ist jeder verpflichtet, falls nicht schon Hilfe geleistet wird.<\/li>\n<li>Der Wettk\u00e4mpfer darf Kontrollpunkte sofort verlassen, au\u00dfer, ein Offizieller gibt andere Anweisungen.<\/li>\n<li>Jegliche Unterst\u00fctzung durch Au\u00dfenstehende (Materialgabe, Taktvorgabe etc.) ist nicht erlaubt \u2013 au\u00dfer im Notfall &#8211; hier ist der n\u00e4chstgelegene Streckenposten zu informieren.<\/li>\n<li>Jeder Teilnehmer ist verpflichtet, Ausscheiden oder Aufgabe zu melden. Er hat daf\u00fcr zu sorgen, dass die Leitung \u00fcber ihn informiert ist. Kosten einer fahrl\u00e4ssig ausgel\u00f6sten Suche werden in Rechnung gestellt.<\/li>\n<li>Bei allen Wettk\u00e4mpfen in \u00d6sterreich\u00a0k\u00f6nnen Dopingkontrollen durchgef\u00fchrt werden. Es gelten die g\u00fcltigen Bestimmungen der NADA.<\/li>\n<\/ul>\n<div class=\"cleardiv\"><\/div>\n<\/div>\n<\/div>\n<aside class=\"media\"><\/aside>\n<\/div>\n<div class=\"article tow-columns\">\n<div class=\"text\">\n<h3>Teamwettkampf:<\/h3>\n<div class=\"cmswysiwyg\">\n<ul id=\"Teamwettkampf\">\n<li>Zieleinlauf beider Teammitglieder mit maximal 10 Meter Abstand<\/li>\n<li>\n<div>Die Wechselzonen d\u00fcrfen nur zeitgleich verlassen werden<\/div>\n<\/li>\n<li>\n<div>gegenseitige Hilfe im Team erlaubt, jedoch keine Rucksack\u00fcbergabe im Rennen (Sicherheitsausr\u00fcstung\u00a0jederzeit am K\u00f6rper); werden die Ski des Partners getragen, so m\u00fcssen diese ebenfalls am Rucksack befestigt werden.<\/div>\n<\/li>\n<\/ul>\n<div class=\"cleardiv\"><\/div>\n<\/div>\n<\/div>\n<aside class=\"media\"><\/aside>\n<\/div>\n<div class=\"article tow-columns\">\n<div class=\"text\">\n<h3>Disziplinarbestimmungen:<\/h3>\n<div class=\"cmswysiwyg\">\n<div id=\"Disziplinarbestimmungen\">Die Wettkampfjury kann Zeitstrafen von bis zu f\u00fcnf Minuten und in groben F\u00e4llen die Disqualifikation aussprechen (es gilt der Zeitstrafenkatalog der ISMF &#8211; siehe g\u00fcltiges internationales Regelwerk):<\/div>\n<ul>\n<li>Am Kontrollpunkt oder im Ziel fehlendes Material<\/li>\n<li>Jegliche Unterst\u00fctzung von Dritten (Ausnahme: Stockbruch; ein Ersatzstock kann nach Meldung beim n\u00e4chsten Streckenposten angenommen werden)<\/li>\n<li>Nichtbeachten der Richtungsmarkierung<\/li>\n<li>Nichtbeachtung der Anweisungen der Streckenposten<\/li>\n<li>Sportlich unfaires Verhalten<\/li>\n<li>Sch\u00e4digung der Natur und Umwelt \/ Zur\u00fccklassen von M\u00fcll auf der Strecke<\/li>\n<li>Wenn ein Wettk\u00e4mpfer den Kontrollpunkt\/ Wechselzone\u00a0nicht passiert, zu fr\u00fch (Team) verl\u00e4sst, u.a.<\/li>\n<li>Einspr\u00fcche: beim Sprint sind keine Einspr\u00fcche m\u00f6glich. Bei allen anderen Disziplinen Einreichung in Schriftform mit Beschwerdegeb\u00fchr von 50,- \u20ac bis 30min nach Aushang der offiziellen Ergebnisliste beim Rennleiter. Der Geldbetrag wird nicht zur\u00fcckerstattet.<\/li>\n<\/ul>\n<\/div>\n<\/div>\n<\/div>\n<p>Weiters ist eine<strong>\u00a0Unfallversicherung\u00a0\u00a0<\/strong>dringend empfohlen, sie gew\u00e4hrleistet die Kostendeckung einer Bergung nach einem Unfall.<\/p>\n<p><a href=\"http:\/\/www.skimo.at\/skibergsteigen\/service-und-downloads\/skimo-versicherung\/\" target=\"_blank\" rel=\"noopener\">Hier geht&#8217;s zu den n\u00e4heren Infos \u00fcber\u00a0die Versicherungen bei Wettk\u00e4mpfen im Skibergsteigen<\/a><\/p>\n<hr \/>\n<hr \/>\n<h2><\/h2>\n<h2>2.\u00a0Erweiterte Wettkampfordnungen<\/h2>\n<p>F\u00fcr nationale Meisterschaften in \u00d6sterreich bzw. Deutschland sowie Landesmeisterschaften sind zus\u00e4tzlich die Reglements der nationalen Fachverb\u00e4nde \u00d6SV bzw. DAV einzuhalten.<\/p>\n<p>F\u00fcr internationale Meisterschaften ist das Reglement des internationalen Fachverbandes ISMF einzuhalten.<\/p>\n<ul>\n<li>\u00d6SV<br \/>\n&#8211; \u00d6WO Skibergsteigen inkl. j\u00e4hrlich aktualisierte Zusatzbestimmungen: <a href=\"http:\/\/www.oesv.at\/info-und-service\/vereinsservice\/downloads\/\">http:\/\/www.oesv.at\/info-und-service\/vereinsservice\/downloads\/<\/a><\/li>\n<li>DAV<br \/>\n&#8211; Sportliches Regelwerk Skibergsteigen: <a href=\"https:\/\/www.alpenverein.de\/wettkampf\/skimo\/wettkaempfe\/dav-regelwerke-fuer-skimo-wettkaempfe_aid_37773.html\">https:\/\/www.alpenverein.de\/wettkampf\/skimo\/wettkaempfe\/dav-regelwerke-fuer-skimo-wettkaempfe_aid_37773.html<\/a><\/li>\n<li>ISMF<br \/>\n&#8211; Reglement f\u00fcr internationale Wettk\u00e4mpfe (Weltcup, WM, EM)<br \/>\n<a href=\"http:\/\/www.ismf-ski.org\/webpages\/official-texts\/sport-regulations\/\">http:\/\/www.ismf-ski.org\/webpages\/official-texts\/sport-regulations\/<\/a><\/li>\n<\/ul>\n","protected":false},"excerpt":{"rendered":"<p>Das untenstehende SKIMO Austria Basisreglement ist die Mindestanforderung f\u00fcr Wettkampfe im Skibergsteigen im deutschsprachigen Raum. Die Einhaltung dieses\u00a0Regelwerks ist f\u00fcr alle Rennveranstalter dringend empfohlen, um eine m\u00f6glichst homogene\u00a0Entwicklung der Sportart grenz\u00fcbergreifend zu erm\u00f6glichen. SKIMO Austria Basisreglement Skibergsteigen 2025\/2026 F\u00fcr\u00a0Skibergsteiger-Wettk\u00e4mpfe in \u00d6sterreich\u00a0wird ein\u00a0einheitliches Reglement dringend empfohlen, um f\u00fcr die Wettk\u00e4mpfer Chancengleichheit und Fairness zu gew\u00e4hrleisten. Grundlage [&hellip;]<\/p>\n","protected":false},"author":2,"featured_media":0,"parent":73976,"menu_order":0,"comment_status":"closed","ping_status":"closed","template":"","meta":[],"yoast_head":"<!-- This site is optimized with the Yoast SEO plugin v16.3 - https:\/\/yoast.com\/wordpress\/plugins\/seo\/ -->\n<title>Reglement - Skibergsteigen<\/title>\n<meta name=\"robots\" content=\"index, follow, max-snippet:-1, max-image-preview:large, max-video-preview:-1\" \/>\n<link rel=\"canonical\" href=\"https:\/\/www.skimo.at\/skibergsteigen\/service-und-downloads\/reglement\/\" \/>\n<meta property=\"og:locale\" content=\"de_DE\" \/>\n<meta property=\"og:type\" content=\"article\" \/>\n<meta property=\"og:title\" content=\"Reglement - Skibergsteigen\" \/>\n<meta property=\"og:description\" content=\"Das untenstehende SKIMO Austria Basisreglement ist die Mindestanforderung f\u00fcr Wettkampfe im Skibergsteigen im deutschsprachigen Raum. Die Einhaltung dieses\u00a0Regelwerks ist f\u00fcr alle Rennveranstalter dringend empfohlen, um eine m\u00f6glichst homogene\u00a0Entwicklung der Sportart grenz\u00fcbergreifend zu erm\u00f6glichen. SKIMO Austria Basisreglement Skibergsteigen 2025\/2026 F\u00fcr\u00a0Skibergsteiger-Wettk\u00e4mpfe in \u00d6sterreich\u00a0wird ein\u00a0einheitliches Reglement dringend empfohlen, um f\u00fcr die Wettk\u00e4mpfer Chancengleichheit und Fairness zu gew\u00e4hrleisten. Grundlage [&hellip;]\" \/>\n<meta property=\"og:url\" content=\"https:\/\/www.skimo.at\/skibergsteigen\/service-und-downloads\/reglement\/\" \/>\n<meta property=\"og:site_name\" content=\"Skibergsteigen\" \/>\n<meta property=\"article:modified_time\" content=\"2025-12-17T09:42:45+00:00\" \/>\n<meta property=\"og:image\" content=\"http:\/\/www.skimo.at\/skibergsteigen\/files\/2012\/09\/Verpflichtende-Ausr\u00fcstung-2020-600x211.jpg\" \/>\n<meta name=\"twitter:card\" content=\"summary\" \/>\n<meta name=\"twitter:label1\" content=\"Gesch\u00e4tzte Lesezeit\">\n\t<meta name=\"twitter:data1\" content=\"6\u00a0Minuten\">\n<script type=\"application\/ld+json\" class=\"yoast-schema-graph\">{\"@context\":\"https:\/\/schema.org\",\"@graph\":[{\"@type\":\"WebSite\",\"@id\":\"https:\/\/skimo.73.jarolim.eu\/skibergsteigen\/#website\",\"url\":\"https:\/\/skimo.73.jarolim.eu\/skibergsteigen\/\",\"name\":\"Skibergsteigen\",\"description\":\"Skibergsteigen in \\u00d6sterreich\",\"potentialAction\":[{\"@type\":\"SearchAction\",\"target\":\"https:\/\/skimo.73.jarolim.eu\/skibergsteigen\/?s={search_term_string}\",\"query-input\":\"required name=search_term_string\"}],\"inLanguage\":\"de\"},{\"@type\":\"ImageObject\",\"@id\":\"https:\/\/www.skimo.at\/skibergsteigen\/service-und-downloads\/reglement\/#primaryimage\",\"inLanguage\":\"de\",\"url\":\"http:\/\/www.skimo.at\/skibergsteigen\/files\/2012\/09\/Verpflichtende-Ausr\\u00fcstung-2020-600x211.jpg\",\"contentUrl\":\"http:\/\/www.skimo.at\/skibergsteigen\/files\/2012\/09\/Verpflichtende-Ausr\\u00fcstung-2020-600x211.jpg\"},{\"@type\":\"WebPage\",\"@id\":\"https:\/\/www.skimo.at\/skibergsteigen\/service-und-downloads\/reglement\/#webpage\",\"url\":\"https:\/\/www.skimo.at\/skibergsteigen\/service-und-downloads\/reglement\/\",\"name\":\"Reglement - Skibergsteigen\",\"isPartOf\":{\"@id\":\"https:\/\/skimo.73.jarolim.eu\/skibergsteigen\/#website\"},\"primaryImageOfPage\":{\"@id\":\"https:\/\/www.skimo.at\/skibergsteigen\/service-und-downloads\/reglement\/#primaryimage\"},\"datePublished\":\"2012-09-10T16:47:44+00:00\",\"dateModified\":\"2025-12-17T09:42:45+00:00\",\"breadcrumb\":{\"@id\":\"https:\/\/www.skimo.at\/skibergsteigen\/service-und-downloads\/reglement\/#breadcrumb\"},\"inLanguage\":\"de\",\"potentialAction\":[{\"@type\":\"ReadAction\",\"target\":[\"https:\/\/www.skimo.at\/skibergsteigen\/service-und-downloads\/reglement\/\"]}]},{\"@type\":\"BreadcrumbList\",\"@id\":\"https:\/\/www.skimo.at\/skibergsteigen\/service-und-downloads\/reglement\/#breadcrumb\",\"itemListElement\":[{\"@type\":\"ListItem\",\"position\":1,\"item\":{\"@type\":\"WebPage\",\"@id\":\"https:\/\/skimo.73.jarolim.eu\/skibergsteigen\/\",\"url\":\"https:\/\/skimo.73.jarolim.eu\/skibergsteigen\/\",\"name\":\"Home\"}},{\"@type\":\"ListItem\",\"position\":2,\"item\":{\"@type\":\"WebPage\",\"@id\":\"https:\/\/skimo.73.jarolim.eu\/skibergsteigen\/service-und-downloads\/\",\"url\":\"https:\/\/skimo.73.jarolim.eu\/skibergsteigen\/service-und-downloads\/\",\"name\":\"Service und Downloads\"}},{\"@type\":\"ListItem\",\"position\":3,\"item\":{\"@id\":\"https:\/\/www.skimo.at\/skibergsteigen\/service-und-downloads\/reglement\/#webpage\"}}]}]}<\/script>\n<!-- \/ Yoast SEO plugin. -->","_links":{"self":[{"href":"https:\/\/www.skimo.at\/skibergsteigen\/wp-json\/wp\/v2\/pages\/33"}],"collection":[{"href":"https:\/\/www.skimo.at\/skibergsteigen\/wp-json\/wp\/v2\/pages"}],"about":[{"href":"https:\/\/www.skimo.at\/skibergsteigen\/wp-json\/wp\/v2\/types\/page"}],"author":[{"embeddable":true,"href":"https:\/\/www.skimo.at\/skibergsteigen\/wp-json\/wp\/v2\/users\/2"}],"replies":[{"embeddable":true,"href":"https:\/\/www.skimo.at\/skibergsteigen\/wp-json\/wp\/v2\/comments?post=33"}],"version-history":[{"count":47,"href":"https:\/\/www.skimo.at\/skibergsteigen\/wp-json\/wp\/v2\/pages\/33\/revisions"}],"predecessor-version":[{"id":192305,"href":"https:\/\/www.skimo.at\/skibergsteigen\/wp-json\/wp\/v2\/pages\/33\/revisions\/192305"}],"up":[{"embeddable":true,"href":"https:\/\/www.skimo.at\/skibergsteigen\/wp-json\/wp\/v2\/pages\/73976"}],"wp:attachment":[{"href":"https:\/\/www.skimo.at\/skibergsteigen\/wp-json\/wp\/v2\/media?parent=33"}],"curies":[{"name":"wp","href":"https:\/\/api.w.org\/{rel}","templated":true}]}}