{"id":184956,"date":"2015-10-23T14:34:26","date_gmt":"2015-10-23T12:34:26","guid":{"rendered":"http:\/\/www.skimo.at\/skibergsteigen\/?page_id=184956"},"modified":"2019-09-13T09:57:44","modified_gmt":"2019-09-13T07:57:44","slug":"oesv-oesterreichischer-skiverband","status":"publish","type":"page","link":"https:\/\/www.skimo.at\/skibergsteigen\/organisation\/oesv-oesterreichischer-skiverband\/","title":{"rendered":"\u00d6SV \u00d6sterreichischer Skiverband"},"content":{"rendered":"<h2>Ansprechpartner \u00d6SV Sparte Skibergsteigen<\/h2>\n<p>Spartenleiter: Georg W\u00f6rter<\/p>\n<p>Sportlicher Koordinator: Josef Gruber<\/p>\n<p><strong>Referatsleiter der Bundesl\u00e4nder:<\/strong><\/p>\n<p>Wien: Peter Hold<\/p>\n<p>Nieder\u00f6sterreich: Franz Hausmann<\/p>\n<p>Ober\u00f6sterreich: Christian Hoffmann<\/p>\n<p>Steiermark: Hannes Mayerl<\/p>\n<p>K\u00e4rnten: Heinz Verbnjak<\/p>\n<p>Salzburg:\u00a0Peter H. Gruber<\/p>\n<p>Tirol: Werner Brugger<\/p>\n<p>Vorarlberg: Andreas Neuper<\/p>\n<p>F\u00fcr die Wertung in der\u00a0<strong>\u00d6sterreichischen Meisterschaft ist eine g\u00fcltige \u00d6SV Mitgliedschaft Voraussetzung!<\/strong>\u00a0Das Vorweisen einer \u00d6SV Mitgliedskarte wird verlangt.<\/p>\n<p>N\u00e4here Informationen gibt&#8217;s auf der \u00d6SV Website unter\u00a0<a href=\"https:\/\/www.oesv.at\/skibergsteigen\/\" target=\"_blank\">oesv.at\/skibergsteigen<\/a>.<\/p>\n","protected":false},"excerpt":{"rendered":"<p>Ansprechpartner \u00d6SV Sparte Skibergsteigen Spartenleiter: Georg W\u00f6rter Sportlicher Koordinator: Josef Gruber Referatsleiter der Bundesl\u00e4nder: Wien: Peter Hold Nieder\u00f6sterreich: Franz Hausmann Ober\u00f6sterreich: Christian Hoffmann Steiermark: Hannes Mayerl K\u00e4rnten: Heinz Verbnjak Salzburg:\u00a0Peter H. Gruber Tirol: Werner Brugger Vorarlberg: Andreas Neuper F\u00fcr die Wertung in der\u00a0\u00d6sterreichischen Meisterschaft ist eine g\u00fcltige \u00d6SV Mitgliedschaft Voraussetzung!\u00a0Das Vorweisen einer \u00d6SV Mitgliedskarte wird [&hellip;]<\/p>\n","protected":false},"author":1,"featured_media":0,"parent":6,"menu_order":0,"comment_status":"closed","ping_status":"closed","template":"","meta":[],"yoast_head":"<!-- This site is optimized with the Yoast SEO plugin v16.3 - https:\/\/yoast.com\/wordpress\/plugins\/seo\/ -->\n<title>\u00d6SV \u00d6sterreichischer Skiverband - Skibergsteigen<\/title>\n<meta name=\"robots\" content=\"index, follow, max-snippet:-1, max-image-preview:large, max-video-preview:-1\" \/>\n<link rel=\"canonical\" href=\"https:\/\/skimo.73.jarolim.eu\/skibergsteigen\/organisation\/oesv-oesterreichischer-skiverband\/\" \/>\n<meta property=\"og:locale\" content=\"de_DE\" \/>\n<meta property=\"og:type\" content=\"article\" \/>\n<meta property=\"og:title\" content=\"\u00d6SV \u00d6sterreichischer Skiverband - Skibergsteigen\" \/>\n<meta property=\"og:description\" content=\"Ansprechpartner \u00d6SV Sparte Skibergsteigen Spartenleiter: Georg W\u00f6rter Sportlicher Koordinator: Josef Gruber Referatsleiter der Bundesl\u00e4nder: Wien: Peter Hold Nieder\u00f6sterreich: Franz Hausmann Ober\u00f6sterreich: Christian Hoffmann Steiermark: Hannes Mayerl K\u00e4rnten: Heinz Verbnjak Salzburg:\u00a0Peter H. Gruber Tirol: Werner Brugger Vorarlberg: Andreas Neuper F\u00fcr die Wertung in der\u00a0\u00d6sterreichischen Meisterschaft ist eine g\u00fcltige \u00d6SV Mitgliedschaft Voraussetzung!\u00a0Das Vorweisen einer \u00d6SV Mitgliedskarte wird [&hellip;]\" \/>\n<meta property=\"og:url\" content=\"https:\/\/skimo.73.jarolim.eu\/skibergsteigen\/organisation\/oesv-oesterreichischer-skiverband\/\" \/>\n<meta property=\"og:site_name\" content=\"Skibergsteigen\" \/>\n<meta property=\"article:modified_time\" content=\"2019-09-13T07:57:44+00:00\" \/>\n<meta name=\"twitter:card\" content=\"summary\" \/>\n<script type=\"application\/ld+json\" class=\"yoast-schema-graph\">{\"@context\":\"https:\/\/schema.org\",\"@graph\":[{\"@type\":\"WebSite\",\"@id\":\"https:\/\/skimo.73.jarolim.eu\/skibergsteigen\/#website\",\"url\":\"https:\/\/skimo.73.jarolim.eu\/skibergsteigen\/\",\"name\":\"Skibergsteigen\",\"description\":\"Skibergsteigen in \\u00d6sterreich\",\"potentialAction\":[{\"@type\":\"SearchAction\",\"target\":\"https:\/\/skimo.73.jarolim.eu\/skibergsteigen\/?s={search_term_string}\",\"query-input\":\"required name=search_term_string\"}],\"inLanguage\":\"de\"},{\"@type\":\"WebPage\",\"@id\":\"https:\/\/skimo.73.jarolim.eu\/skibergsteigen\/organisation\/oesv-oesterreichischer-skiverband\/#webpage\",\"url\":\"https:\/\/skimo.73.jarolim.eu\/skibergsteigen\/organisation\/oesv-oesterreichischer-skiverband\/\",\"name\":\"\\u00d6SV \\u00d6sterreichischer Skiverband - Skibergsteigen\",\"isPartOf\":{\"@id\":\"https:\/\/skimo.73.jarolim.eu\/skibergsteigen\/#website\"},\"datePublished\":\"2015-10-23T12:34:26+00:00\",\"dateModified\":\"2019-09-13T07:57:44+00:00\",\"breadcrumb\":{\"@id\":\"https:\/\/skimo.73.jarolim.eu\/skibergsteigen\/organisation\/oesv-oesterreichischer-skiverband\/#breadcrumb\"},\"inLanguage\":\"de\",\"potentialAction\":[{\"@type\":\"ReadAction\",\"target\":[\"https:\/\/skimo.73.jarolim.eu\/skibergsteigen\/organisation\/oesv-oesterreichischer-skiverband\/\"]}]},{\"@type\":\"BreadcrumbList\",\"@id\":\"https:\/\/skimo.73.jarolim.eu\/skibergsteigen\/organisation\/oesv-oesterreichischer-skiverband\/#breadcrumb\",\"itemListElement\":[{\"@type\":\"ListItem\",\"position\":1,\"item\":{\"@type\":\"WebPage\",\"@id\":\"https:\/\/skimo.73.jarolim.eu\/skibergsteigen\/\",\"url\":\"https:\/\/skimo.73.jarolim.eu\/skibergsteigen\/\",\"name\":\"Home\"}},{\"@type\":\"ListItem\",\"position\":2,\"item\":{\"@type\":\"WebPage\",\"@id\":\"https:\/\/skimo.73.jarolim.eu\/skibergsteigen\/organisation\/\",\"url\":\"https:\/\/skimo.73.jarolim.eu\/skibergsteigen\/organisation\/\",\"name\":\"Organisation\"}},{\"@type\":\"ListItem\",\"position\":3,\"item\":{\"@id\":\"https:\/\/skimo.73.jarolim.eu\/skibergsteigen\/organisation\/oesv-oesterreichischer-skiverband\/#webpage\"}}]}]}<\/script>\n<!-- \/ Yoast SEO plugin. -->","_links":{"self":[{"href":"https:\/\/www.skimo.at\/skibergsteigen\/wp-json\/wp\/v2\/pages\/184956"}],"collection":[{"href":"https:\/\/www.skimo.at\/skibergsteigen\/wp-json\/wp\/v2\/pages"}],"about":[{"href":"https:\/\/www.skimo.at\/skibergsteigen\/wp-json\/wp\/v2\/types\/page"}],"author":[{"embeddable":true,"href":"https:\/\/www.skimo.at\/skibergsteigen\/wp-json\/wp\/v2\/users\/1"}],"replies":[{"embeddable":true,"href":"https:\/\/www.skimo.at\/skibergsteigen\/wp-json\/wp\/v2\/comments?post=184956"}],"version-history":[{"count":13,"href":"https:\/\/www.skimo.at\/skibergsteigen\/wp-json\/wp\/v2\/pages\/184956\/revisions"}],"predecessor-version":[{"id":190003,"href":"https:\/\/www.skimo.at\/skibergsteigen\/wp-json\/wp\/v2\/pages\/184956\/revisions\/190003"}],"up":[{"embeddable":true,"href":"https:\/\/www.skimo.at\/skibergsteigen\/wp-json\/wp\/v2\/pages\/6"}],"wp:attachment":[{"href":"https:\/\/www.skimo.at\/skibergsteigen\/wp-json\/wp\/v2\/media?parent=184956"}],"curies":[{"name":"wp","href":"https:\/\/api.w.org\/{rel}","templated":true}]}}