{"id":72179,"date":"2013-10-18T11:56:09","date_gmt":"2013-10-18T09:56:09","guid":{"rendered":"http:\/\/www.skimo.at\/skibergsteigen\/files\/2013\/10\/Aus-der-Bindung-gefallen-_-Bild-Karl-Posch.jpg"},"modified":"2013-10-18T11:56:09","modified_gmt":"2013-10-18T09:56:09","slug":"aus-der-bindung-gefallen-_-bild-karl-posch","status":"inherit","type":"attachment","link":"https:\/\/www.skimo.at\/skibergsteigen\/72176\/neues-dynafit-qualitaetssiegel-fuer-inserts-wird-ausgeliefert\/aus-der-bindung-gefallen-_-bild-karl-posch\/","title":{"rendered":"Aus der Bindung gefallen _ Bild Karl Posch"},"author":3,"comment_status":"closed","ping_status":"closed","template":"","meta":[],"yoast_head":"<!-- This site is optimized with the Yoast SEO plugin v16.3 - https:\/\/yoast.com\/wordpress\/plugins\/seo\/ -->\n<title>Aus der Bindung gefallen _ Bild Karl Posch - Skibergsteigen<\/title>\n<meta name=\"robots\" content=\"index, follow, max-snippet:-1, max-image-preview:large, max-video-preview:-1\" \/>\n<link rel=\"canonical\" href=\"https:\/\/www.skimo.at\/skibergsteigen\/files\/2013\/10\/Aus-der-Bindung-gefallen-_-Bild-Karl-Posch.jpg\" \/>\n<meta property=\"og:locale\" content=\"de_DE\" \/>\n<meta property=\"og:type\" content=\"article\" \/>\n<meta property=\"og:title\" content=\"Aus der Bindung gefallen _ Bild Karl Posch - Skibergsteigen\" \/>\n<meta property=\"og:description\" content=\"Gegen die Horrorvorstellung jedes Rennl\u00e4ufers, w\u00e4hrend des Rennens aus der Bindung zu fliegen, k\u00f6nnte bald ein Kraut gewachsen sein.\" \/>\n<meta property=\"og:url\" content=\"https:\/\/www.skimo.at\/skibergsteigen\/files\/2013\/10\/Aus-der-Bindung-gefallen-_-Bild-Karl-Posch.jpg\" \/>\n<meta property=\"og:site_name\" content=\"Skibergsteigen\" \/>\n<meta property=\"og:image\" content=\"https:\/\/www.skimo.at\/skibergsteigen\/files\/2013\/10\/Aus-der-Bindung-gefallen-_-Bild-Karl-Posch.jpg\" \/>\n\t<meta property=\"og:image:width\" content=\"850\" \/>\n\t<meta property=\"og:image:height\" content=\"479\" \/>\n<meta name=\"twitter:card\" content=\"summary\" \/>\n<script type=\"application\/ld+json\" class=\"yoast-schema-graph\">{\"@context\":\"https:\/\/schema.org\",\"@graph\":[{\"@type\":\"WebSite\",\"@id\":\"https:\/\/skimo.73.jarolim.eu\/skibergsteigen\/#website\",\"url\":\"https:\/\/skimo.73.jarolim.eu\/skibergsteigen\/\",\"name\":\"Skibergsteigen\",\"description\":\"Skibergsteigen in \\u00d6sterreich\",\"potentialAction\":[{\"@type\":\"SearchAction\",\"target\":\"https:\/\/skimo.73.jarolim.eu\/skibergsteigen\/?s={search_term_string}\",\"query-input\":\"required name=search_term_string\"}],\"inLanguage\":\"de\"},{\"@type\":\"WebPage\",\"@id\":\"https:\/\/www.skimo.at\/skibergsteigen\/files\/2013\/10\/Aus-der-Bindung-gefallen-_-Bild-Karl-Posch.jpg#webpage\",\"url\":\"https:\/\/www.skimo.at\/skibergsteigen\/files\/2013\/10\/Aus-der-Bindung-gefallen-_-Bild-Karl-Posch.jpg\",\"name\":\"Aus der Bindung gefallen _ Bild Karl Posch - Skibergsteigen\",\"isPartOf\":{\"@id\":\"https:\/\/skimo.73.jarolim.eu\/skibergsteigen\/#website\"},\"datePublished\":\"2013-10-18T09:56:09+00:00\",\"dateModified\":\"2013-10-18T09:56:09+00:00\",\"breadcrumb\":{\"@id\":\"https:\/\/www.skimo.at\/skibergsteigen\/files\/2013\/10\/Aus-der-Bindung-gefallen-_-Bild-Karl-Posch.jpg#breadcrumb\"},\"inLanguage\":\"de\",\"potentialAction\":[{\"@type\":\"ReadAction\",\"target\":[\"https:\/\/www.skimo.at\/skibergsteigen\/files\/2013\/10\/Aus-der-Bindung-gefallen-_-Bild-Karl-Posch.jpg\"]}]},{\"@type\":\"BreadcrumbList\",\"@id\":\"https:\/\/www.skimo.at\/skibergsteigen\/files\/2013\/10\/Aus-der-Bindung-gefallen-_-Bild-Karl-Posch.jpg#breadcrumb\",\"itemListElement\":[{\"@type\":\"ListItem\",\"position\":1,\"item\":{\"@type\":\"WebPage\",\"@id\":\"https:\/\/skimo.73.jarolim.eu\/skibergsteigen\/\",\"url\":\"https:\/\/skimo.73.jarolim.eu\/skibergsteigen\/\",\"name\":\"Home\"}},{\"@type\":\"ListItem\",\"position\":2,\"item\":{\"@type\":\"WebPage\",\"@id\":\"https:\/\/www.skimo.at\/skibergsteigen\/72176\/neues-dynafit-qualitaetssiegel-fuer-inserts-wird-ausgeliefert\/\",\"url\":\"https:\/\/www.skimo.at\/skibergsteigen\/72176\/neues-dynafit-qualitaetssiegel-fuer-inserts-wird-ausgeliefert\/\",\"name\":\"Neues DYNAFIT Qualit\\u00e4tssiegel f\\u00fcr Inserts wird ausgeliefert\"}},{\"@type\":\"ListItem\",\"position\":3,\"item\":{\"@id\":\"https:\/\/www.skimo.at\/skibergsteigen\/files\/2013\/10\/Aus-der-Bindung-gefallen-_-Bild-Karl-Posch.jpg#webpage\"}}]}]}<\/script>\n<!-- \/ Yoast SEO plugin. -->","description":{"rendered":"<p class=\"attachment\"><a title=\"Aus der Bindung gefallen _ Bild Karl Posch\"  href='https:\/\/www.skimo.at\/skibergsteigen\/files\/2013\/10\/Aus-der-Bindung-gefallen-_-Bild-Karl-Posch.jpg'><img width=\"300\" height=\"169\" src=\"https:\/\/www.skimo.at\/skibergsteigen\/files\/2013\/10\/Aus-der-Bindung-gefallen-_-Bild-Karl-Posch-300x169.jpg\" class=\"attachment-medium size-medium\" alt=\"\" loading=\"lazy\" srcset=\"https:\/\/www.skimo.at\/skibergsteigen\/files\/2013\/10\/Aus-der-Bindung-gefallen-_-Bild-Karl-Posch-300x169.jpg 300w, https:\/\/www.skimo.at\/skibergsteigen\/files\/2013\/10\/Aus-der-Bindung-gefallen-_-Bild-Karl-Posch-600x338.jpg 600w, https:\/\/www.skimo.at\/skibergsteigen\/files\/2013\/10\/Aus-der-Bindung-gefallen-_-Bild-Karl-Posch-768x433.jpg 768w, https:\/\/www.skimo.at\/skibergsteigen\/files\/2013\/10\/Aus-der-Bindung-gefallen-_-Bild-Karl-Posch-554x312.jpg 554w, https:\/\/www.skimo.at\/skibergsteigen\/files\/2013\/10\/Aus-der-Bindung-gefallen-_-Bild-Karl-Posch-165x93.jpg 165w, https:\/\/www.skimo.at\/skibergsteigen\/files\/2013\/10\/Aus-der-Bindung-gefallen-_-Bild-Karl-Posch.jpg 850w\" sizes=\"(max-width: 300px) 100vw, 300px\" \/><\/a><\/p>\n<p>Bild: Karl Posch<\/p>\n"},"caption":{"rendered":"<p>Gegen die Horrorvorstellung jedes Rennl\u00e4ufers, w\u00e4hrend des Rennens aus der Bindung zu fliegen, k\u00f6nnte bald ein Kraut gewachsen sein.<\/p>\n"},"alt_text":"","media_type":"image","mime_type":"image\/jpeg","media_details":{"width":850,"height":479,"file":"2013\/10\/Aus-der-Bindung-gefallen-_-Bild-Karl-Posch.jpg","sizes":{"medium":{"file":"Aus-der-Bindung-gefallen-_-Bild-Karl-Posch-300x169.jpg","width":300,"height":169,"mime_type":"image\/jpeg","source_url":"https:\/\/www.skimo.at\/skibergsteigen\/files\/2013\/10\/Aus-der-Bindung-gefallen-_-Bild-Karl-Posch-300x169.jpg"},"large":{"file":"Aus-der-Bindung-gefallen-_-Bild-Karl-Posch-600x338.jpg","width":600,"height":338,"mime_type":"image\/jpeg","source_url":"https:\/\/www.skimo.at\/skibergsteigen\/files\/2013\/10\/Aus-der-Bindung-gefallen-_-Bild-Karl-Posch-600x338.jpg"},"thumbnail":{"file":"Aus-der-Bindung-gefallen-_-Bild-Karl-Posch-140x140.jpg","width":140,"height":140,"mime_type":"image\/jpeg","source_url":"https:\/\/www.skimo.at\/skibergsteigen\/files\/2013\/10\/Aus-der-Bindung-gefallen-_-Bild-Karl-Posch-140x140.jpg"},"medium_large":{"file":"Aus-der-Bindung-gefallen-_-Bild-Karl-Posch-768x433.jpg","width":768,"height":433,"mime_type":"image\/jpeg","source_url":"https:\/\/www.skimo.at\/skibergsteigen\/files\/2013\/10\/Aus-der-Bindung-gefallen-_-Bild-Karl-Posch-768x433.jpg"},"3x2_xlarge":{"file":"Aus-der-Bindung-gefallen-_-Bild-Karl-Posch-746x479.jpg","width":746,"height":479,"mime_type":"image\/jpeg","source_url":"https:\/\/www.skimo.at\/skibergsteigen\/files\/2013\/10\/Aus-der-Bindung-gefallen-_-Bild-Karl-Posch-746x479.jpg"},"3x2_large":{"file":"Aus-der-Bindung-gefallen-_-Bild-Karl-Posch-618x412.jpg","width":618,"height":412,"mime_type":"image\/jpeg","source_url":"https:\/\/www.skimo.at\/skibergsteigen\/files\/2013\/10\/Aus-der-Bindung-gefallen-_-Bild-Karl-Posch-618x412.jpg"},"3x2_medium":{"file":"Aus-der-Bindung-gefallen-_-Bild-Karl-Posch-554x369.jpg","width":554,"height":369,"mime_type":"image\/jpeg","source_url":"https:\/\/www.skimo.at\/skibergsteigen\/files\/2013\/10\/Aus-der-Bindung-gefallen-_-Bild-Karl-Posch-554x369.jpg"},"3x2_small":{"file":"Aus-der-Bindung-gefallen-_-Bild-Karl-Posch-299x199.jpg","width":299,"height":199,"mime_type":"image\/jpeg","source_url":"https:\/\/www.skimo.at\/skibergsteigen\/files\/2013\/10\/Aus-der-Bindung-gefallen-_-Bild-Karl-Posch-299x199.jpg"},"portrait":{"file":"Aus-der-Bindung-gefallen-_-Bild-Karl-Posch-267x373.jpg","width":267,"height":373,"mime_type":"image\/jpeg","source_url":"https:\/\/www.skimo.at\/skibergsteigen\/files\/2013\/10\/Aus-der-Bindung-gefallen-_-Bild-Karl-Posch-267x373.jpg"},"original_small":{"file":"Aus-der-Bindung-gefallen-_-Bild-Karl-Posch-554x312.jpg","width":554,"height":312,"mime_type":"image\/jpeg","source_url":"https:\/\/www.skimo.at\/skibergsteigen\/files\/2013\/10\/Aus-der-Bindung-gefallen-_-Bild-Karl-Posch-554x312.jpg"},"sponsor":{"file":"Aus-der-Bindung-gefallen-_-Bild-Karl-Posch-165x93.jpg","width":165,"height":93,"mime_type":"image\/jpeg","source_url":"https:\/\/www.skimo.at\/skibergsteigen\/files\/2013\/10\/Aus-der-Bindung-gefallen-_-Bild-Karl-Posch-165x93.jpg"},"full":{"file":"Aus-der-Bindung-gefallen-_-Bild-Karl-Posch.jpg","width":850,"height":479,"mime_type":"image\/jpeg","source_url":"https:\/\/www.skimo.at\/skibergsteigen\/files\/2013\/10\/Aus-der-Bindung-gefallen-_-Bild-Karl-Posch.jpg"}},"image_meta":{"aperture":"0","credit":"","camera":"","caption":"","created_timestamp":"0","copyright":"","focal_length":"0","iso":"0","shutter_speed":"0","title":"","orientation":"1","keywords":[]}},"post":72176,"source_url":"https:\/\/www.skimo.at\/skibergsteigen\/files\/2013\/10\/Aus-der-Bindung-gefallen-_-Bild-Karl-Posch.jpg","_links":{"self":[{"href":"https:\/\/www.skimo.at\/skibergsteigen\/wp-json\/wp\/v2\/media\/72179"}],"collection":[{"href":"https:\/\/www.skimo.at\/skibergsteigen\/wp-json\/wp\/v2\/media"}],"about":[{"href":"https:\/\/www.skimo.at\/skibergsteigen\/wp-json\/wp\/v2\/types\/attachment"}],"author":[{"embeddable":true,"href":"https:\/\/www.skimo.at\/skibergsteigen\/wp-json\/wp\/v2\/users\/3"}],"replies":[{"embeddable":true,"href":"https:\/\/www.skimo.at\/skibergsteigen\/wp-json\/wp\/v2\/comments?post=72179"}]}}

<!-- This site is optimized with the Yoast SEO plugin v16.3 - https://yoast.com/wordpress/plugins/seo/ -->
<title>Aus der Bindung gefallen _ Bild Karl Posch - Skibergsteigen</title>
<meta name="robots" content="index, follow, max-snippet:-1, max-image-preview:large, max-video-preview:-1" />
<link rel="canonical" href="https://www.skimo.at/skibergsteigen/files/2013/10/Aus-der-Bindung-gefallen-_-Bild-Karl-Posch.jpg" />
<meta property="og:locale" content="de_DE" />
<meta property="og:type" content="article" />
<meta property="og:title" content="Aus der Bindung gefallen _ Bild Karl Posch - Skibergsteigen" />
<meta property="og:description" content="Gegen die Horrorvorstellung jedes Rennläufers, während des Rennens aus der Bindung zu fliegen, könnte bald ein Kraut gewachsen sein." />
<meta property="og:url" content="https://www.skimo.at/skibergsteigen/files/2013/10/Aus-der-Bindung-gefallen-_-Bild-Karl-Posch.jpg" />
<meta property="og:site_name" content="Skibergsteigen" />
<meta property="og:image" content="https://www.skimo.at/skibergsteigen/files/2013/10/Aus-der-Bindung-gefallen-_-Bild-Karl-Posch.jpg" />
	<meta property="og:image:width" content="850" />
	<meta property="og:image:height" content="479" />
<meta name="twitter:card" content="summary" />
<script type="application/ld+json" class="yoast-schema-graph">{"@context":"https://schema.org","@graph":[{"@type":"WebSite","@id":"https://skimo.73.jarolim.eu/skibergsteigen/#website","url":"https://skimo.73.jarolim.eu/skibergsteigen/","name":"Skibergsteigen","description":"Skibergsteigen in \u00d6sterreich","potentialAction":[{"@type":"SearchAction","target":"https://skimo.73.jarolim.eu/skibergsteigen/?s={search_term_string}","query-input":"required name=search_term_string"}],"inLanguage":"de"},{"@type":"WebPage","@id":"https://www.skimo.at/skibergsteigen/files/2013/10/Aus-der-Bindung-gefallen-_-Bild-Karl-Posch.jpg#webpage","url":"https://www.skimo.at/skibergsteigen/files/2013/10/Aus-der-Bindung-gefallen-_-Bild-Karl-Posch.jpg","name":"Aus der Bindung gefallen _ Bild Karl Posch - Skibergsteigen","isPartOf":{"@id":"https://skimo.73.jarolim.eu/skibergsteigen/#website"},"datePublished":"2013-10-18T09:56:09+00:00","dateModified":"2013-10-18T09:56:09+00:00","breadcrumb":{"@id":"https://www.skimo.at/skibergsteigen/files/2013/10/Aus-der-Bindung-gefallen-_-Bild-Karl-Posch.jpg#breadcrumb"},"inLanguage":"de","potentialAction":[{"@type":"ReadAction","target":["https://www.skimo.at/skibergsteigen/files/2013/10/Aus-der-Bindung-gefallen-_-Bild-Karl-Posch.jpg"]}]},{"@type":"BreadcrumbList","@id":"https://www.skimo.at/skibergsteigen/files/2013/10/Aus-der-Bindung-gefallen-_-Bild-Karl-Posch.jpg#breadcrumb","itemListElement":[{"@type":"ListItem","position":1,"item":{"@type":"WebPage","@id":"https://skimo.73.jarolim.eu/skibergsteigen/","url":"https://skimo.73.jarolim.eu/skibergsteigen/","name":"Home"}},{"@type":"ListItem","position":2,"item":{"@type":"WebPage","@id":"https://www.skimo.at/skibergsteigen/72176/neues-dynafit-qualitaetssiegel-fuer-inserts-wird-ausgeliefert/","url":"https://www.skimo.at/skibergsteigen/72176/neues-dynafit-qualitaetssiegel-fuer-inserts-wird-ausgeliefert/","name":"Neues DYNAFIT Qualit\u00e4tssiegel f\u00fcr Inserts wird ausgeliefert"}},{"@type":"ListItem","position":3,"item":{"@id":"https://www.skimo.at/skibergsteigen/files/2013/10/Aus-der-Bindung-gefallen-_-Bild-Karl-Posch.jpg#webpage"}}]}]}</script>
<!-- / Yoast SEO plugin. -->

<p>Gegen die Horrorvorstellung jedes Rennläufers, während des Rennens aus der Bindung zu fliegen, könnte bald ein Kraut gewachsen sein.</p>
