{"id":288201,"date":"2021-11-26T14:40:16","date_gmt":"2021-11-26T12:40:16","guid":{"rendered":"https:\/\/www.skimo.at\/rennen\/?page_id=288201"},"modified":"2025-01-10T09:17:08","modified_gmt":"2025-01-10T07:17:08","slug":"hochkoenig-erztrophy-bischofshofen-22-01-und-23-01-2022","status":"publish","type":"page","link":"https:\/\/www.skimo.at\/rennen\/hochkoenig-erztrophy-bischofshofen-22-01-und-23-01-2022\/","title":{"rendered":"Hochk\u00f6nig Erztrophy, Werfenweng am 11.01.2025 und 12.01.2025"},"content":{"rendered":"\n<p><strong>DIE ERZTROPHY<\/strong>&nbsp;ist eines der bekanntesten Skitourenrennen in \u00d6sterreich und wurde vom LAWASTO Team (Laner Hannes, Wallner Tom und Stock Markus) ins Leben gerufen. Die 3 Gr\u00fcnder sind das Herz und die Seele der ERZTROPHY.<\/p>\n\n\n\n<p><strong>DIE ERZTROPHY&nbsp;<\/strong>ist eine eingetragene und registrierte Marke und seit vielen Jahren der Inbegriff f\u00fcr Wettkampf-Skibergsteigen in \u00d6sterreich. Die Liebe und Passion zum Skibergsteigen haben&nbsp;<strong>DIE ERZTROPHY<\/strong>&nbsp;zu einem der erfolgreichsten und gr\u00f6\u00dften Sportevents der Region wachsen lassen.<\/p>\n\n\n\n<p>So wie schon im letzten Jahr wird die ERZTROPHY auch 2025 wieder im Skigebiet Werfenweng ausgetragen. Die Hauptorte der Austragung befinden sich im Bereich der Talstation der IKARUS Gondelbahn und des Gasthofes Barbarahof (Event-Areal, Start\/Ziel-Bereich) sowie der Gipfel des 1.834m hohen Bischlings&nbsp;(Event-Areal, Ziel-Bereich)&nbsp;inklusive der Bergstation der IKARUS Gondelbahn.<\/p>\n\n\n\n<p>Dank der sehr guten Zusammenarbeit mit den Bergbahnen Werfenweng und dem Tourismusverband Werfenweng werden an den Renntagen Betreuer und Zuschauer kostenlos auf den Bischling bef\u00f6rdert. Somit ist eine gro\u00dfartige Atmosph\u00e4re entlang der Strecken garantiert.<\/p>\n\n\n\n<p>\u00dcber die Geschichte des prestigetr\u00e4chtigen Rennens Erztrophy lest ihr <a href=\"https:\/\/www.erztrophy.com\/historie-erztrophy\/\">hier<\/a>.<\/p>\n\n\n\n<p>So wie schon in den vielen Jahren zuvor ist die ERZTROPHY 2025 mit dem Vertical Rennen und dem Individual Rennen wieder Teil des Skimo Alpencups 2025 und das Individual Rennen wird zus\u00e4tzlich als \u00d6sterreichische Staatsmeisterschaften ausgetragen. Die Wettk\u00e4mpfe der ISMF Master WM sowie des Skimo Alpencups und der \u00d6sterreichischen Staatsmeisterschaften werden jeweils innerhalb eines Bewerbes bzw. Rennens mit verschiedenen Startgruppen durchgef\u00fchrt. Es ist dadurch den Athleten m\u00f6glich, sowohl bei der ISMF Master WM als auch im Skimo Alpencup sowie bei den \u00d6sterreichischen Staatsmeisterschaften gewertet zu werden.<br>Austragungsort:&nbsp;<a href=\"https:\/\/g.co\/kgs\/iYZCX8F\">Weng 149, 5453 Werfenweng<\/a><\/p>\n\n\n\n<hr class=\"wp-block-separator\" \/>\n\n\n\n<p><strong>Offene Klasse (Mittel Distanz):<\/strong>&nbsp;Beim Individual Rennen der ERZTROPHY 2025 gibt es auch eine sogenannte \u201eoffene Klasse\u201c f\u00fcr M\u00e4nner auf der mittleren Distanz \u00fcber eine Strecke von 1.160 H\u00f6henmeter. Es wird dabei nur in einer Kategorie gewertet, die Teilnahme an der ISMF Master WM, Skimo Alpencup und \u00d6sterreichische Staatsmeisterschaften ist dabei nicht m\u00f6glich. Infos zu den verschiedenen Strecken siehe unter Streckenpl\u00e4ne.<\/p>\n\n\n\n<hr class=\"wp-block-separator\" \/>\n\n\n\n<h3>Allgemeine Infos ERZTROPHY Vertical<\/h3>\n\n\n\n<p><strong>Start:<\/strong>&nbsp;Talstation IKARUS (971m)<br><strong>Start:<\/strong>&nbsp;Strussingalm (1.500m) f\u00fcr Klassen U14, U16, U18<br><strong>Start:<\/strong>&nbsp;Piste Nr. 2 unterhalb Bergstation IKARUS (1.750m) f\u00fcr Klassen U12 und Kinder<br><strong>Ziel:<\/strong>&nbsp;Bischling (1.834m) alle Klassen<br>Der Startbereich des Nachwuchses bei der Strussingalm und der Startbereich des Kinderrennens ist \u00fcber die Abfahrt Piste Nr. 2 ab der Bergstation IKARUS erreichbar. Die Strecke verl\u00e4uft entlang Skitourenroute, Skiweg sowie Pistenrand und ist durchgehend markiert.<br>Kategorie Senior, Master, U20 jeweils m\/w +870 H\u00f6henmeter<br>Kategorie U14, U16, U18 jeweils m\/w +340 H\u00f6henmeter<br>Kategorie U12, Kinder jeweils m\/w +90 H\u00f6henmeter<br>Idente Strecke ISMF Master WM und ERZTROPHY\/Skimo Alpencup<\/p>\n\n\n\n<hr class=\"wp-block-separator\" \/>\n\n\n\n<h3>Allgemeine Infos ERZTROPHY Individual<\/h3>\n\n\n\n<p><strong>Start\/Ziel:<\/strong>&nbsp;Talstation IKARUS<br><strong>Start:<\/strong>&nbsp;Strussingalm (1.500m) f\u00fcr Klassen U14, U16, U18<br>Die Strecke verl\u00e4uft entlang Skitourenroute, Skiweg, Pistenrand sowie Gel\u00e4nde und ist durchgehend markiert.<br>Kategorie Senior m, alle Master m, U20 m +1.663\/-1.663 H\u00f6henmeter<br>Kategorie Senior w, alle Master w, U20 w, offene Klasse m +1.160\/-1.160 H\u00f6henmeter<br>Kategorie U14, U16, U18 jeweils m\/w +550\/-1.160 H\u00f6henmeter<br>Idente Strecke ISMF Master WM und ERZTROPHY\/Skimo Alpencup\/\u00d6STM<\/p>\n\n\n\n<hr class=\"wp-block-separator\" \/>\n\n\n\n<h3><strong>Anmeldung\/Nennung\/Startgeb\u00fchr<\/strong><\/h3>\n\n\n\n<p>Die Anmeldung ist vom 07.11.2024 \u2013 07.01.2025 m\u00f6glich!<br>ACHTUNG! KEINE Nachnennungen m\u00f6glich!<br>Hier gehts zur&nbsp;&nbsp;<a href=\"https:\/\/time2win.at\/event\/715\" target=\"_blank\" rel=\"noreferrer noopener\"><strong>Anmeldung<\/strong><\/a><br>Kontakt: info@erztrophy.com<\/p>\n\n\n\n<p>Startgeb\u00fchr Vertical: ERZTROPHY\/Alpencup: \u20ac 50.-<br>Startgeb\u00fchr Vertical: ISMF Master WM: \u20ac 60,-<br>Startgeb\u00fchr Kombi: ISMF Master WM und ERZTROPHY\/Alpencup: \u20ac 80.-<br>Startgeb\u00fchr Individual: Erztrophy\/\u00d6STM\/Alpencup: \u20ac 60,-<br>Startgeb\u00fchr Individual: ISMF Master WM: \u20ac 60,-<br>Startgeb\u00fchr Kombi: ISMF Master WM und ERZTROPHY\/\u00d6STM\/Alpencup: \u20ac 80.-<br>Startgeb\u00fchr Vertical und Individual: ERZTROPHY f\u00fcr U14, U16, U18, U20: \u20ac 35,-<br>Startgeb\u00fchr Vertical: ERZTROPHY Kinder \u20ac 15,-<\/p>\n\n\n\n<p>Die Startgeb\u00fchr ist im Zuge der Online Anmeldung zu bezahlen.<br>Die Anmeldung ist erst nach Einlangen der Startgeb\u00fchr g\u00fcltig.<\/p>\n\n\n\n<hr class=\"wp-block-separator\" \/>\n\n\n\n<h3>Programm \u2013 11.01.2025 ERZTROPHY Vertical<\/h3>\n\n\n\n<p>09:30-12:00 Uhr Streckenbesichtigung<br>10:30-11:30 Uhr Startnummernausgabe beim Barbarahof<br>11:00-12:00 Uhr Abgabe der Rucks\u00e4cke Ikarus Tal f\u00fcr Transport zur Bergstadion Ikarus Berg (Ziel-Bereich)<br>12:30-12:45 Uhr Startaufstellung<br>12:45-12:55 Uhr Briefing zum Rennverlauf (verpflichtend f\u00fcr alle Teilnehmer)<br>13:00 Uhr Start aller Klassen (ISMF Master WM + Skimo Alpencup)<br>13:15 Uhr Start Nachwuchsklassen U14, U16, U18 Strussingalm<br>13:15 Uhr Start U12 und Kinder Piste Nr. 2 unterhalb Bergstation IKARUS<br>14:00-16:00 Uhr Essen und Trinken im Barbarahof<br>16:00-17:00 Uhr Siegerehrung vor dem Barbarahof<\/p>\n\n\n\n<hr class=\"wp-block-separator\" \/>\n\n\n\n<h3>Programm \u2013 12.01.2025 ERZTROPHY Individual<\/h3>\n\n\n\n<p>09:30-11:00 Uhr Streckenbesichtigung<br>09:30-11:00 Uhr Startnummernausgabe im Barbarahof<br>11:00-11:20 Uhr Startaufstellung<br>11:20-11:25 Uhr Briefing zum Rennverlauf (verpflichtend f\u00fcr alle Teilnehmer)<br>11:30 Uhr Start aller Klassen (ISMF Master WM, \u00d6STM, Skimo Alpencup, Offene Klasse)<br>11:30 Uhr Start der Nachwuchsklassen U14, U16, U18 Strussingalm<br>15:30-17:30 Uhr Essen und Trinken im Barbarahof<br>17:00-18:00 Uhr Siegerehrung vor dem Barbarahof<\/p>\n\n\n\n<hr class=\"wp-block-separator\" \/>\n\n\n\n<h4>Klasseneinteilung Saison 2024\/25 lt. \u00d6WO nach Jahrgang<\/h4>\n\n\n\n<p>\u2013 U 14: 2012 \u2013 2011<br>\u2013 U 16: 2010 \u2013 2009<br>\u2013 U 18: 2008 \u2013 2007<br>\u2013 U 20: 2006 \u2013 2005<br>\u2013 Seniors (Allgemeine Klasse): 2004 \u2013 1980<br>\u2013 Masters: 1979 und \u00e4lter \u2794 ab 46 Jahre<\/p>\n\n\n\n<hr class=\"wp-block-separator\" \/>\n\n\n\n<p>Hier gehts zur&nbsp;<a href=\"https:\/\/time2win.at\/event\/715\" target=\"_blank\" rel=\"noreferrer noopener\"><strong>Anmeldung<\/strong><\/a><\/p>\n\n\n\n<hr class=\"wp-block-separator\" \/>\n\n\n\n<p><strong>\u00c4nderungen vorbehalten!<\/strong><\/p>\n","protected":false},"excerpt":{"rendered":"<p>DIE ERZTROPHY&nbsp;ist eines der bekanntesten Skitourenrennen in \u00d6sterreich und wurde vom LAWASTO Team (Laner Hannes, Wallner Tom und Stock Markus) ins Leben gerufen. Die 3 Gr\u00fcnder sind das Herz und die Seele der ERZTROPHY. DIE ERZTROPHY&nbsp;ist eine eingetragene und registrierte Marke und seit vielen Jahren der Inbegriff f\u00fcr Wettkampf-Skibergsteigen in \u00d6sterreich. Die Liebe und Passion [&hellip;]<\/p>\n","protected":false},"author":42,"featured_media":0,"parent":0,"menu_order":0,"comment_status":"closed","ping_status":"closed","template":"","meta":[],"yoast_head":"<!-- This site is optimized with the Yoast SEO plugin v16.3 - https:\/\/yoast.com\/wordpress\/plugins\/seo\/ -->\n<title>Hochk\u00f6nig Erztrophy, Werfenweng am 11.01.2025 und 12.01.2025 - Rennen<\/title>\n<meta name=\"robots\" content=\"index, follow, max-snippet:-1, max-image-preview:large, max-video-preview:-1\" \/>\n<link rel=\"canonical\" href=\"https:\/\/www.skimo.at\/rennen\/hochkoenig-erztrophy-bischofshofen-22-01-und-23-01-2022\/\" \/>\n<meta property=\"og:locale\" content=\"de_DE\" \/>\n<meta property=\"og:type\" content=\"article\" \/>\n<meta property=\"og:title\" content=\"Hochk\u00f6nig Erztrophy, Werfenweng am 11.01.2025 und 12.01.2025 - Rennen\" \/>\n<meta property=\"og:description\" content=\"DIE ERZTROPHY&nbsp;ist eines der bekanntesten Skitourenrennen in \u00d6sterreich und wurde vom LAWASTO Team (Laner Hannes, Wallner Tom und Stock Markus) ins Leben gerufen. Die 3 Gr\u00fcnder sind das Herz und die Seele der ERZTROPHY. DIE ERZTROPHY&nbsp;ist eine eingetragene und registrierte Marke und seit vielen Jahren der Inbegriff f\u00fcr Wettkampf-Skibergsteigen in \u00d6sterreich. Die Liebe und Passion [&hellip;]\" \/>\n<meta property=\"og:url\" content=\"https:\/\/www.skimo.at\/rennen\/hochkoenig-erztrophy-bischofshofen-22-01-und-23-01-2022\/\" \/>\n<meta property=\"og:site_name\" content=\"Rennen\" \/>\n<meta property=\"article:modified_time\" content=\"2025-01-10T07:17:08+00:00\" \/>\n<meta name=\"twitter:card\" content=\"summary\" \/>\n<meta name=\"twitter:label1\" content=\"Gesch\u00e4tzte Lesezeit\">\n\t<meta name=\"twitter:data1\" content=\"4\u00a0Minuten\">\n<script type=\"application\/ld+json\" class=\"yoast-schema-graph\">{\"@context\":\"https:\/\/schema.org\",\"@graph\":[{\"@type\":\"WebSite\",\"@id\":\"https:\/\/skimo.73.jarolim.eu\/rennen\/#website\",\"url\":\"https:\/\/skimo.73.jarolim.eu\/rennen\/\",\"name\":\"Rennen\",\"description\":\"\",\"potentialAction\":[{\"@type\":\"SearchAction\",\"target\":\"https:\/\/skimo.73.jarolim.eu\/rennen\/?s={search_term_string}\",\"query-input\":\"required name=search_term_string\"}],\"inLanguage\":\"de\"},{\"@type\":\"WebPage\",\"@id\":\"https:\/\/www.skimo.at\/rennen\/hochkoenig-erztrophy-bischofshofen-22-01-und-23-01-2022\/#webpage\",\"url\":\"https:\/\/www.skimo.at\/rennen\/hochkoenig-erztrophy-bischofshofen-22-01-und-23-01-2022\/\",\"name\":\"Hochk\\u00f6nig Erztrophy, Werfenweng am 11.01.2025 und 12.01.2025 - Rennen\",\"isPartOf\":{\"@id\":\"https:\/\/skimo.73.jarolim.eu\/rennen\/#website\"},\"datePublished\":\"2021-11-26T12:40:16+00:00\",\"dateModified\":\"2025-01-10T07:17:08+00:00\",\"breadcrumb\":{\"@id\":\"https:\/\/www.skimo.at\/rennen\/hochkoenig-erztrophy-bischofshofen-22-01-und-23-01-2022\/#breadcrumb\"},\"inLanguage\":\"de\",\"potentialAction\":[{\"@type\":\"ReadAction\",\"target\":[\"https:\/\/www.skimo.at\/rennen\/hochkoenig-erztrophy-bischofshofen-22-01-und-23-01-2022\/\"]}]},{\"@type\":\"BreadcrumbList\",\"@id\":\"https:\/\/www.skimo.at\/rennen\/hochkoenig-erztrophy-bischofshofen-22-01-und-23-01-2022\/#breadcrumb\",\"itemListElement\":[{\"@type\":\"ListItem\",\"position\":1,\"item\":{\"@type\":\"WebPage\",\"@id\":\"https:\/\/skimo.73.jarolim.eu\/rennen\/\",\"url\":\"https:\/\/skimo.73.jarolim.eu\/rennen\/\",\"name\":\"Home\"}},{\"@type\":\"ListItem\",\"position\":2,\"item\":{\"@id\":\"https:\/\/www.skimo.at\/rennen\/hochkoenig-erztrophy-bischofshofen-22-01-und-23-01-2022\/#webpage\"}}]}]}<\/script>\n<!-- \/ Yoast SEO plugin. -->","_links":{"self":[{"href":"https:\/\/www.skimo.at\/rennen\/wp-json\/wp\/v2\/pages\/288201"}],"collection":[{"href":"https:\/\/www.skimo.at\/rennen\/wp-json\/wp\/v2\/pages"}],"about":[{"href":"https:\/\/www.skimo.at\/rennen\/wp-json\/wp\/v2\/types\/page"}],"author":[{"embeddable":true,"href":"https:\/\/www.skimo.at\/rennen\/wp-json\/wp\/v2\/users\/42"}],"replies":[{"embeddable":true,"href":"https:\/\/www.skimo.at\/rennen\/wp-json\/wp\/v2\/comments?post=288201"}],"version-history":[{"count":21,"href":"https:\/\/www.skimo.at\/rennen\/wp-json\/wp\/v2\/pages\/288201\/revisions"}],"predecessor-version":[{"id":303564,"href":"https:\/\/www.skimo.at\/rennen\/wp-json\/wp\/v2\/pages\/288201\/revisions\/303564"}],"wp:attachment":[{"href":"https:\/\/www.skimo.at\/rennen\/wp-json\/wp\/v2\/media?parent=288201"}],"curies":[{"name":"wp","href":"https:\/\/api.w.org\/{rel}","templated":true}]}}