{"id":273964,"date":"2017-11-01T10:51:18","date_gmt":"2017-11-01T08:51:18","guid":{"rendered":"http:\/\/www.skimo.at\/rennen\/?page_id=273964"},"modified":"2026-01-28T19:40:04","modified_gmt":"2026-01-28T17:40:04","slug":"alpencup-2026","status":"publish","type":"page","link":"https:\/\/www.skimo.at\/rennen\/alpencup-2026\/","title":{"rendered":"SKIMO Alpencup"},"content":{"rendered":"\n<p>Der SKIMO ALPENCUP wird im Jahr 2026 bereits zum 10. Mal abgehalten werden. Seit 2017 wird das Veranstaltungsformat, das mit allen Grundz\u00fcgen der alpinen Rennen des Weltcups gleichzusetzen ist, bereits durchgef\u00fchrt. Die Rennserie f\u00fchrt damit die Tradition des seit 2002 durchgef\u00fchrten Austria Skitour Cup fort, der \u00e4ltesten Skibergsteiger-Rennserie im deutschsprachigen Raum.<\/p>\n\n\n\n<p>Im olympischen Jahr 2026 kommt traditionellen Rennserien wie dem SKIMO Alpencup und Veranstaltern von alpinen Rennen eine besondere Bedeutung zu. Die Tatsache, dass bei Olympia die Kurzstreckenformate Sprint und Mixed Relay zu Ehren kommen, ist f\u00fcr diese Veranstalter ein Auftrag, das traditionelle Skibergsteigen hoch zu halten. Skibergsteigen ist in allen Formaten und Formen toll, und der SKIMO Alpencup bringt gibt den alpinen Rennen eine Plattform.<br><\/p>\n\n\n\n<!--more-->\n\n\n\n<p>In der Saison 2025\/26 sind es 3 hochwertige, alpine Rennlocations aus \u00d6sterreich und Deutschland, die sich f\u00fcr den SKIMO ALPENCUP zu einer gemeinsamen Cupwertung zusammenschlie\u00dfen, die den \u201eSkibergsteigerk\u00f6nig der Alpen\u201c k\u00fcrt. An jedem Rennwochenende des SKIMO ALPENCUPS&nbsp;werden 1 bis 2 Bewerbe abgehalten. Diese Bewerbe erm\u00f6glichen anspruchsvollen, erfahrenen Wettk\u00e4mpfern,&nbsp;auch ohne&nbsp;Zugeh\u00f6rigkeit zum Nationalkader, ebenfalls an Weltcup-\u00e4hnlichen Rennen&nbsp;teilzunehmen.<\/p>\n\n\n\n<h3>Transnationale Rennkombination <\/h3>\n\n\n\n<p>Die Auswahl der Rennen fiel auch heuer wieder auf jene Veranstalter, die bereits durch langj\u00e4hrige Durchf\u00fchrungen ein gro\u00dfes Repertoire an Erfahrungen gesammelt haben und so einen reibungslosen Ablauf und ein qualitativ hochwertiges&nbsp;Rennwochenende garantieren k\u00f6nnen. Die Hochk\u00f6nig <strong>Erztrophy<\/strong> in Werfenweng (AUT) ist diese Saison wieder in traditioneller Ausf\u00fchrung geplant. Weiters werden die Wettk\u00e4mpfer auch beim anspruchsvollen <strong>Jennerstier<\/strong> in Berchtesgaden (GER) wieder an die Grenzen gebracht werden.  Das Traditionsrennen <strong>Achensee Xtreme<\/strong> in Maurach (AUT) hat nach dem erfolgreichen Comeback im letzten Winter ebenfalls bereits einen Fixplatz im SKIMO Alpencup.<\/p>\n\n\n\n<p><strong style=\"color: inherit;font-size: 1.95em\">ALLE DETAILS ZU DEN RENNEN<\/strong><\/p>\n\n\n\n<h3>ERZTROPHY IN WERFENWENG (AUT)<\/h3>\n\n\n\n<p>Er\u00f6ffnet wird der Alpencup in Werfenweng mit der Erztrophy, die als reines Individualrennen am 11. J\u00e4nner 2026 geplant ist. <\/p>\n\n\n\n<div class=\"wp-block-buttons\">\n<div class=\"wp-block-button\"><a class=\"wp-block-button__link\" href=\"https:\/\/www.skimo.at\/rennen\/https:\/\/www.skimo.at\/rennen\/hochkoenig-erztrophy-bischofshofen-22-01-und-23-01-2022\/\">zur Veranstaltung<\/a><\/div>\n<\/div>\n\n\n\n<div style=\"height:42px\" aria-hidden=\"true\" class=\"wp-block-spacer\"><\/div>\n\n\n\n<h3><strong>JENNERSTIER IN BERCHTESGADEN (GER)<\/strong><\/h3>\n\n\n\n<p>Mit dem Jennerstier in Berchtesgaden wechselt der SKIMO ALPENCUP 2026 ins benachbarte Bayern. Das Event umfasst im kommenden Winter mehrere Veranstaltungen von 5. &#8211; 8. Februar 2026. Das traditionelle Jennerstier-Rennen am Jenner mit Vertical- und Individualbewerb findet am 7. und 8. Februar 2026 statt.  <\/p>\n\n\n\n<div class=\"wp-block-buttons\">\n<div class=\"wp-block-button\"><a class=\"wp-block-button__link\" href=\"https:\/\/www.skimo.at\/rennen\/jennerstier-berchtesgaden-19-20-02-2022\/\">zur Veranstaltung<\/a><\/div>\n<\/div>\n\n\n\n<div style=\"height:36px\" aria-hidden=\"true\" class=\"wp-block-spacer\"><\/div>\n\n\n\n<h3><strong>ACHENSEE XTREME IN MAURACH (AUT)<\/strong><\/h3>\n\n\n\n<p>Das Achensee Xtreme im Rofan hoch \u00fcber dem Tiroler Achensee bildet den Abschluss des SKIMO ALPENCUP 2026. Das im letzten Jahr furios neu  aufgelegte Rennen findet am 7. und 8. M\u00e4rz 2026 statt.  <\/p>\n\n\n\n<div class=\"wp-block-buttons\">\n<div class=\"wp-block-button\"><a class=\"wp-block-button__link\" href=\"https:\/\/www.skimo.at\/rennen\/achensee-xtreme-22-23-2-2025\/\">zur Veranstaltung<\/a><\/div>\n<\/div>\n\n\n\n<h2><strong>DIE WERTUNG DER RENNEN IM CUP<\/strong><\/h2>\n\n\n\n<h2><strong>ANMELDUNG<\/strong><\/h2>\n\n\n\n<p><strong>Erztrophy<\/strong><\/p>\n\n\n\n<ul><li>Anmeldung folgt in K\u00fcrze<\/li><\/ul>\n\n\n\n<p><strong>Jennerstier<\/strong><\/p>\n\n\n\n<ul><li>Anmeldung folgt in K\u00fcrze<\/li><\/ul>\n\n\n\n<p><strong>Achensee Xtreme<\/strong><\/p>\n\n\n\n<ul><li>Anmeldung folgt in K\u00fcrze<\/li><\/ul>\n","protected":false},"excerpt":{"rendered":"<p>Der SKIMO ALPENCUP wird im Jahr 2026 bereits zum 10. Mal abgehalten werden. Seit 2017 wird das Veranstaltungsformat, das mit allen Grundz\u00fcgen der alpinen Rennen des Weltcups gleichzusetzen ist, bereits durchgef\u00fchrt. Die Rennserie f\u00fchrt damit die Tradition des seit 2002 durchgef\u00fchrten Austria Skitour Cup fort, der \u00e4ltesten Skibergsteiger-Rennserie im deutschsprachigen Raum. Im olympischen Jahr 2026 [&hellip;]<\/p>\n","protected":false},"author":36,"featured_media":305998,"parent":0,"menu_order":0,"comment_status":"closed","ping_status":"closed","template":"","meta":[],"yoast_head":"<!-- This site is optimized with the Yoast SEO plugin v16.3 - https:\/\/yoast.com\/wordpress\/plugins\/seo\/ -->\n<title>SKIMO Alpencup - Rennen<\/title>\n<meta name=\"robots\" content=\"index, follow, max-snippet:-1, max-image-preview:large, max-video-preview:-1\" \/>\n<link rel=\"canonical\" href=\"https:\/\/www.skimo.at\/rennen\/alpencup-2026\/\" \/>\n<meta property=\"og:locale\" content=\"de_DE\" \/>\n<meta property=\"og:type\" content=\"article\" \/>\n<meta property=\"og:title\" content=\"SKIMO Alpencup - Rennen\" \/>\n<meta property=\"og:description\" content=\"Der SKIMO ALPENCUP wird im Jahr 2026 bereits zum 10. Mal abgehalten werden. Seit 2017 wird das Veranstaltungsformat, das mit allen Grundz\u00fcgen der alpinen Rennen des Weltcups gleichzusetzen ist, bereits durchgef\u00fchrt. Die Rennserie f\u00fchrt damit die Tradition des seit 2002 durchgef\u00fchrten Austria Skitour Cup fort, der \u00e4ltesten Skibergsteiger-Rennserie im deutschsprachigen Raum. Im olympischen Jahr 2026 [&hellip;]\" \/>\n<meta property=\"og:url\" content=\"https:\/\/www.skimo.at\/rennen\/alpencup-2026\/\" \/>\n<meta property=\"og:site_name\" content=\"Rennen\" \/>\n<meta property=\"article:modified_time\" content=\"2026-01-28T17:40:04+00:00\" \/>\n<meta property=\"og:image\" content=\"https:\/\/www.skimo.at\/rennen\/files\/2025\/11\/logo-alpencup2026-promoted-skimostats.jpg\" \/>\n\t<meta property=\"og:image:width\" content=\"1030\" \/>\n\t<meta property=\"og:image:height\" content=\"754\" \/>\n<meta name=\"twitter:card\" content=\"summary\" \/>\n<meta name=\"twitter:label1\" content=\"Gesch\u00e4tzte Lesezeit\">\n\t<meta name=\"twitter:data1\" content=\"2\u00a0Minuten\">\n<script type=\"application\/ld+json\" class=\"yoast-schema-graph\">{\"@context\":\"https:\/\/schema.org\",\"@graph\":[{\"@type\":\"WebSite\",\"@id\":\"https:\/\/skimo.73.jarolim.eu\/rennen\/#website\",\"url\":\"https:\/\/skimo.73.jarolim.eu\/rennen\/\",\"name\":\"Rennen\",\"description\":\"\",\"potentialAction\":[{\"@type\":\"SearchAction\",\"target\":\"https:\/\/skimo.73.jarolim.eu\/rennen\/?s={search_term_string}\",\"query-input\":\"required name=search_term_string\"}],\"inLanguage\":\"de\"},{\"@type\":\"ImageObject\",\"@id\":\"https:\/\/www.skimo.at\/rennen\/alpencup-2026\/#primaryimage\",\"inLanguage\":\"de\",\"url\":\"https:\/\/www.skimo.at\/rennen\/files\/2025\/11\/logo-alpencup2026-promoted-skimostats.jpg\",\"contentUrl\":\"https:\/\/www.skimo.at\/rennen\/files\/2025\/11\/logo-alpencup2026-promoted-skimostats.jpg\",\"width\":1030,\"height\":754},{\"@type\":\"WebPage\",\"@id\":\"https:\/\/www.skimo.at\/rennen\/alpencup-2026\/#webpage\",\"url\":\"https:\/\/www.skimo.at\/rennen\/alpencup-2026\/\",\"name\":\"SKIMO Alpencup - Rennen\",\"isPartOf\":{\"@id\":\"https:\/\/skimo.73.jarolim.eu\/rennen\/#website\"},\"primaryImageOfPage\":{\"@id\":\"https:\/\/www.skimo.at\/rennen\/alpencup-2026\/#primaryimage\"},\"datePublished\":\"2017-11-01T08:51:18+00:00\",\"dateModified\":\"2026-01-28T17:40:04+00:00\",\"breadcrumb\":{\"@id\":\"https:\/\/www.skimo.at\/rennen\/alpencup-2026\/#breadcrumb\"},\"inLanguage\":\"de\",\"potentialAction\":[{\"@type\":\"ReadAction\",\"target\":[\"https:\/\/www.skimo.at\/rennen\/alpencup-2026\/\"]}]},{\"@type\":\"BreadcrumbList\",\"@id\":\"https:\/\/www.skimo.at\/rennen\/alpencup-2026\/#breadcrumb\",\"itemListElement\":[{\"@type\":\"ListItem\",\"position\":1,\"item\":{\"@type\":\"WebPage\",\"@id\":\"https:\/\/skimo.73.jarolim.eu\/rennen\/\",\"url\":\"https:\/\/skimo.73.jarolim.eu\/rennen\/\",\"name\":\"Home\"}},{\"@type\":\"ListItem\",\"position\":2,\"item\":{\"@id\":\"https:\/\/www.skimo.at\/rennen\/alpencup-2026\/#webpage\"}}]}]}<\/script>\n<!-- \/ Yoast SEO plugin. -->","_links":{"self":[{"href":"https:\/\/www.skimo.at\/rennen\/wp-json\/wp\/v2\/pages\/273964"}],"collection":[{"href":"https:\/\/www.skimo.at\/rennen\/wp-json\/wp\/v2\/pages"}],"about":[{"href":"https:\/\/www.skimo.at\/rennen\/wp-json\/wp\/v2\/types\/page"}],"author":[{"embeddable":true,"href":"https:\/\/www.skimo.at\/rennen\/wp-json\/wp\/v2\/users\/36"}],"replies":[{"embeddable":true,"href":"https:\/\/www.skimo.at\/rennen\/wp-json\/wp\/v2\/comments?post=273964"}],"version-history":[{"count":65,"href":"https:\/\/www.skimo.at\/rennen\/wp-json\/wp\/v2\/pages\/273964\/revisions"}],"predecessor-version":[{"id":306979,"href":"https:\/\/www.skimo.at\/rennen\/wp-json\/wp\/v2\/pages\/273964\/revisions\/306979"}],"wp:featuredmedia":[{"embeddable":true,"href":"https:\/\/www.skimo.at\/rennen\/wp-json\/wp\/v2\/media\/305998"}],"wp:attachment":[{"href":"https:\/\/www.skimo.at\/rennen\/wp-json\/wp\/v2\/media?parent=273964"}],"curies":[{"name":"wp","href":"https:\/\/api.w.org\/{rel}","templated":true}]}}

<p>Der SKIMO ALPENCUP wird im Jahr 2026 bereits zum 10. Mal abgehalten werden. Seit 2017 wird das Veranstaltungsformat, das mit allen Grundzügen der alpinen Rennen des Weltcups gleichzusetzen ist, bereits durchgeführt. Die Rennserie führt damit die Tradition des seit 2002 durchgeführten Austria Skitour Cup fort, der ältesten Skibergsteiger-Rennserie im deutschsprachigen Raum.</p>



<p>Im olympischen Jahr 2026 kommt traditionellen Rennserien wie dem SKIMO Alpencup und Veranstaltern von alpinen Rennen eine besondere Bedeutung zu. Die Tatsache, dass bei Olympia die Kurzstreckenformate Sprint und Mixed Relay zu Ehren kommen, ist für diese Veranstalter ein Auftrag, das traditionelle Skibergsteigen hoch zu halten. Skibergsteigen ist in allen Formaten und Formen toll, und der SKIMO Alpencup bringt gibt den alpinen Rennen eine Plattform.<br></p>



<!--more-->



<p>In der Saison 2025/26 sind es 3 hochwertige, alpine Rennlocations aus Österreich und Deutschland, die sich für den SKIMO ALPENCUP zu einer gemeinsamen Cupwertung zusammenschließen, die den „Skibergsteigerkönig der Alpen“ kürt. An jedem Rennwochenende des SKIMO ALPENCUPS&nbsp;werden 1 bis 2 Bewerbe abgehalten. Diese Bewerbe ermöglichen anspruchsvollen, erfahrenen Wettkämpfern,&nbsp;auch ohne&nbsp;Zugehörigkeit zum Nationalkader, ebenfalls an Weltcup-ähnlichen Rennen&nbsp;teilzunehmen.</p>



<h3>Transnationale Rennkombination </h3>



<p>Die Auswahl der Rennen fiel auch heuer wieder auf jene Veranstalter, die bereits durch langjährige Durchführungen ein großes Repertoire an Erfahrungen gesammelt haben und so einen reibungslosen Ablauf und ein qualitativ hochwertiges&nbsp;Rennwochenende garantieren können. Die Hochkönig <strong>Erztrophy</strong> in Werfenweng (AUT) ist diese Saison wieder in traditioneller Ausführung geplant. Weiters werden die Wettkämpfer auch beim anspruchsvollen <strong>Jennerstier</strong> in Berchtesgaden (GER) wieder an die Grenzen gebracht werden.  Das Traditionsrennen <strong>Achensee Xtreme</strong> in Maurach (AUT) hat nach dem erfolgreichen Comeback im letzten Winter ebenfalls bereits einen Fixplatz im SKIMO Alpencup.</p>



<p><strong style="color: inherit;font-size: 1.95em">ALLE DETAILS ZU DEN RENNEN</strong></p>



<h3>ERZTROPHY IN WERFENWENG (AUT)</h3>



<p>Eröffnet wird der Alpencup in Werfenweng mit der Erztrophy, die als reines Individualrennen am 11. Jänner 2026 geplant ist. </p>



<div class="wp-block-buttons">
<div class="wp-block-button"><a class="wp-block-button__link" href="https://www.skimo.at/rennen/https://www.skimo.at/rennen/hochkoenig-erztrophy-bischofshofen-22-01-und-23-01-2022/">zur Veranstaltung</a></div>
</div>



<div style="height:42px" aria-hidden="true" class="wp-block-spacer"></div>



<h3><strong>JENNERSTIER IN BERCHTESGADEN (GER)</strong></h3>



<p>Mit dem Jennerstier in Berchtesgaden wechselt der SKIMO ALPENCUP 2026 ins benachbarte Bayern. Das Event umfasst im kommenden Winter mehrere Veranstaltungen von 5. &#8211; 8. Februar 2026. Das traditionelle Jennerstier-Rennen am Jenner mit Vertical- und Individualbewerb findet am 7. und 8. Februar 2026 statt.  </p>



<div class="wp-block-buttons">
<div class="wp-block-button"><a class="wp-block-button__link" href="https://www.skimo.at/rennen/jennerstier-berchtesgaden-19-20-02-2022/">zur Veranstaltung</a></div>
</div>



<div style="height:36px" aria-hidden="true" class="wp-block-spacer"></div>



<h3><strong>ACHENSEE XTREME IN MAURACH (AUT)</strong></h3>



<p>Das Achensee Xtreme im Rofan hoch über dem Tiroler Achensee bildet den Abschluss des SKIMO ALPENCUP 2026. Das im letzten Jahr furios neu  aufgelegte Rennen findet am 7. und 8. März 2026 statt.  </p>



<div class="wp-block-buttons">
<div class="wp-block-button"><a class="wp-block-button__link" href="https://www.skimo.at/rennen/achensee-xtreme-22-23-2-2025/">zur Veranstaltung</a></div>
</div>



<h2><strong>DIE WERTUNG DER RENNEN IM CUP</strong></h2>



<h2><strong>ANMELDUNG</strong></h2>



<p><strong>Erztrophy</strong></p>



<ul><li>Anmeldung folgt in Kürze</li></ul>



<p><strong>Jennerstier</strong></p>



<ul><li>Anmeldung folgt in Kürze</li></ul>



<p><strong>Achensee Xtreme</strong></p>



<ul><li>Anmeldung folgt in Kürze</li></ul>

<p>Der SKIMO ALPENCUP wird im Jahr 2026 bereits zum 10. Mal abgehalten werden. Seit 2017 wird das Veranstaltungsformat, das mit allen Grundzügen der alpinen Rennen des Weltcups gleichzusetzen ist, bereits durchgeführt. Die Rennserie führt damit die Tradition des seit 2002 durchgeführten Austria Skitour Cup fort, der ältesten Skibergsteiger-Rennserie im deutschsprachigen Raum. Im olympischen Jahr 2026 [&hellip;]</p>

<!-- This site is optimized with the Yoast SEO plugin v16.3 - https://yoast.com/wordpress/plugins/seo/ -->
<title>SKIMO Alpencup - Rennen</title>
<meta name="robots" content="index, follow, max-snippet:-1, max-image-preview:large, max-video-preview:-1" />
<link rel="canonical" href="https://www.skimo.at/rennen/alpencup-2026/" />
<meta property="og:locale" content="de_DE" />
<meta property="og:type" content="article" />
<meta property="og:title" content="SKIMO Alpencup - Rennen" />
<meta property="og:description" content="Der SKIMO ALPENCUP wird im Jahr 2026 bereits zum 10. Mal abgehalten werden. Seit 2017 wird das Veranstaltungsformat, das mit allen Grundzügen der alpinen Rennen des Weltcups gleichzusetzen ist, bereits durchgeführt. Die Rennserie führt damit die Tradition des seit 2002 durchgeführten Austria Skitour Cup fort, der ältesten Skibergsteiger-Rennserie im deutschsprachigen Raum. Im olympischen Jahr 2026 [&hellip;]" />
<meta property="og:url" content="https://www.skimo.at/rennen/alpencup-2026/" />
<meta property="og:site_name" content="Rennen" />
<meta property="article:modified_time" content="2026-01-28T17:40:04+00:00" />
<meta property="og:image" content="https://www.skimo.at/rennen/files/2025/11/logo-alpencup2026-promoted-skimostats.jpg" />
	<meta property="og:image:width" content="1030" />
	<meta property="og:image:height" content="754" />
<meta name="twitter:card" content="summary" />
<meta name="twitter:label1" content="Geschätzte Lesezeit">
	<meta name="twitter:data1" content="2 Minuten">
<script type="application/ld+json" class="yoast-schema-graph">{"@context":"https://schema.org","@graph":[{"@type":"WebSite","@id":"https://skimo.73.jarolim.eu/rennen/#website","url":"https://skimo.73.jarolim.eu/rennen/","name":"Rennen","description":"","potentialAction":[{"@type":"SearchAction","target":"https://skimo.73.jarolim.eu/rennen/?s={search_term_string}","query-input":"required name=search_term_string"}],"inLanguage":"de"},{"@type":"ImageObject","@id":"https://www.skimo.at/rennen/alpencup-2026/#primaryimage","inLanguage":"de","url":"https://www.skimo.at/rennen/files/2025/11/logo-alpencup2026-promoted-skimostats.jpg","contentUrl":"https://www.skimo.at/rennen/files/2025/11/logo-alpencup2026-promoted-skimostats.jpg","width":1030,"height":754},{"@type":"WebPage","@id":"https://www.skimo.at/rennen/alpencup-2026/#webpage","url":"https://www.skimo.at/rennen/alpencup-2026/","name":"SKIMO Alpencup - Rennen","isPartOf":{"@id":"https://skimo.73.jarolim.eu/rennen/#website"},"primaryImageOfPage":{"@id":"https://www.skimo.at/rennen/alpencup-2026/#primaryimage"},"datePublished":"2017-11-01T08:51:18+00:00","dateModified":"2026-01-28T17:40:04+00:00","breadcrumb":{"@id":"https://www.skimo.at/rennen/alpencup-2026/#breadcrumb"},"inLanguage":"de","potentialAction":[{"@type":"ReadAction","target":["https://www.skimo.at/rennen/alpencup-2026/"]}]},{"@type":"BreadcrumbList","@id":"https://www.skimo.at/rennen/alpencup-2026/#breadcrumb","itemListElement":[{"@type":"ListItem","position":1,"item":{"@type":"WebPage","@id":"https://skimo.73.jarolim.eu/rennen/","url":"https://skimo.73.jarolim.eu/rennen/","name":"Home"}},{"@type":"ListItem","position":2,"item":{"@id":"https://www.skimo.at/rennen/alpencup-2026/#webpage"}}]}]}</script>
<!-- / Yoast SEO plugin. -->
