{"id":241563,"date":"2016-10-20T21:01:27","date_gmt":"2016-10-20T19:01:27","guid":{"rendered":"http:\/\/www.skimo.at\/rennen\/?page_id=241563"},"modified":"2017-02-02T19:04:55","modified_gmt":"2017-02-02T17:04:55","slug":"staatsmeisterschaften-individual-bischofshofen-05-02-2017","status":"publish","type":"page","link":"https:\/\/www.skimo.at\/rennen\/staatsmeisterschaften\/staatsmeisterschaften-individual-bischofshofen-05-02-2017\/","title":{"rendered":"Staatsmeisterschaften Individual, M\u00fchlbach am Hochk\u00f6nig, 05.02.2017"},"content":{"rendered":"<p>Im Rahmen der Hochk\u00f6nig Erztrophy wird am 05.02.2017 der \u00d6sterreichische Meister der Saison 2016\/17 im Individual ermittelt.\u00a0Nachfolgend sind alle Informationen zum Programm, Klasseneinteilung, Reglement und Anmeldung zusammengefasst.<!--more--><\/p>\n<h2><\/h2>\n<h2>Programm<\/h2>\n<h3>Samstag, 04.02.2017<\/h3>\n<ul>\n<li>ab 12:00 Uhr Streckenbesichtigung<\/li>\n<\/ul>\n<h3>Sonntag 05.02.2017<\/h3>\n<p><span style=\"color: #ff0000\">ACHTUNG Update 02.02.2017! Alle Zeiten verschieben sich aus Sicherheitsgr\u00fcnden!\u00a0<\/span><\/p>\n<ul>\n<li><span style=\"color: #ff0000\"><del>08:00- 10:00<\/del> 07:30-09:30\u00a0Startnummernausgabe im Startbereich, Arthurhaus<\/span><\/li>\n<li><span style=\"color: #ff0000\"><del>ab 10:30<\/del> ab 09:45 Uhr Startaufstellung in den Startkorridoren mit Ausr\u00fcstungskontrollen<\/span><\/li>\n<li><span style=\"color: #ff0000\"><del>10:45 Uhr<\/del>\u00a009:55 Uhr Briefing \u00fcber Rennverlauf (Pflicht f\u00fcr alle Teilnehmer)<\/span><\/li>\n<li><span style=\"color: #ff0000\"><del>11:00 Uhr<\/del>\u00a010:00 Uhr Start aller Klassen<\/span><\/li>\n<li><span style=\"color: #ff0000\"><del>ab 13:30 Uhr<\/del> ab 13:00 Uhr Essen im Arthurhaus<\/span><\/li>\n<li><span style=\"color: #ff0000\"><del>ab 15:00 Uhr<\/del> ab 14:30 Uhr Siegerehrung im Arthurhaus<\/span><\/li>\n<\/ul>\n<h2>Streckeninformationen<\/h2>\n<p>Erster Teil &#8211; Aufstieg und Abfahrt Hochkeil (ca.300HM) technisch eher einfach = Kurzstrecke. Zweiter Teil im alpinen Gel\u00e4nde zu den Mandlw\u00e4nden (ca. 700HM), legend\u00e4r. Aufstieg in unz\u00e4hligen Spitzkehren, am Ende Aufstieg durch eine felsige Rinne mit Fixseil. Gel\u00e4nde Abfahrt bis zum Start-Ziel-Bereich. Hier endet das Rennen f\u00fcr die Nachwuchs- und Damenklassen. F\u00fcr die Klassen Senior und Master ist die Mandlwandrunde (500HM) zweimal zu bew\u00e4ltigen! Witterungsbedingt kann die Strecke ge\u00e4ndert werden.<\/p>\n<p>zur Strecke : Die Strecke ist mit Fahnen markiert, gr\u00fcn=Aufstieg, gelb=Tragepassage, rot=Abfahrt. Gefahrenstellen sind zus\u00e4tzlich mit gro\u00dfen Tafeln markiert, bitte hier besondere Vorsicht! Ein Verlassen der Strecke und das Wegwerfen von Gegenst\u00e4nden ist verboten und f\u00fchrt ausnahmslos zur Disqualifikation.<\/p>\n<h2>Klasseneinteilung<\/h2>\n<h3>Kurzstrecke<\/h3>\n<p><a href=\"http:\/\/www.skimo.at\/rennen\/files\/2016\/10\/Erztrophy-2017-Strecke-Individual-Sch\u00fcler-1.png\" rel=\"attachment wp-att-260351\"><img loading=\"lazy\" class=\"alignnone  wp-image-260351\" src=\"http:\/\/www.skimo.at\/rennen\/files\/2016\/10\/Erztrophy-2017-Strecke-Individual-Sch\u00fcler-1.png\" alt=\"Erztrophy 2017 Strecke Individual Sch\u00fcler\" width=\"559\" height=\"404\" srcset=\"https:\/\/www.skimo.at\/rennen\/files\/2016\/10\/Erztrophy-2017-Strecke-Individual-Sch\u00fcler-1.png 847w, https:\/\/www.skimo.at\/rennen\/files\/2016\/10\/Erztrophy-2017-Strecke-Individual-Sch\u00fcler-1-300x217.png 300w, https:\/\/www.skimo.at\/rennen\/files\/2016\/10\/Erztrophy-2017-Strecke-Individual-Sch\u00fcler-1-768x556.png 768w, https:\/\/www.skimo.at\/rennen\/files\/2016\/10\/Erztrophy-2017-Strecke-Individual-Sch\u00fcler-1-554x401.png 554w, https:\/\/www.skimo.at\/rennen\/files\/2016\/10\/Erztrophy-2017-Strecke-Individual-Sch\u00fcler-1-129x93.png 129w\" sizes=\"(max-width: 559px) 100vw, 559px\" \/><\/a><\/p>\n<p>300 H\u00f6henmeter, Aufstieg und Abfahrt &#8211; Start um 11:00 Uhr (3. Korridor)<\/p>\n<ul>\n<li>Sch\u00fcler (Jg. 2003 und j\u00fcnger) weiblich und m\u00e4nnlich<\/li>\n<\/ul>\n<h3>Kurze Strecke<\/h3>\n<p><a href=\"http:\/\/www.skimo.at\/rennen\/files\/2016\/10\/Erztrophy-2017-Strecke-Individual-Cadets-Junior-Damen-1.png\" rel=\"attachment wp-att-260349\"><img loading=\"lazy\" class=\"alignnone  wp-image-260349\" src=\"http:\/\/www.skimo.at\/rennen\/files\/2016\/10\/Erztrophy-2017-Strecke-Individual-Cadets-Junior-Damen-1.png\" alt=\"Erztrophy 2017 Strecke Individual Cadets Junior Damen\" width=\"551\" height=\"489\" srcset=\"https:\/\/www.skimo.at\/rennen\/files\/2016\/10\/Erztrophy-2017-Strecke-Individual-Cadets-Junior-Damen-1.png 847w, https:\/\/www.skimo.at\/rennen\/files\/2016\/10\/Erztrophy-2017-Strecke-Individual-Cadets-Junior-Damen-1-300x266.png 300w, https:\/\/www.skimo.at\/rennen\/files\/2016\/10\/Erztrophy-2017-Strecke-Individual-Cadets-Junior-Damen-1-768x681.png 768w, https:\/\/www.skimo.at\/rennen\/files\/2016\/10\/Erztrophy-2017-Strecke-Individual-Cadets-Junior-Damen-1-554x491.png 554w, https:\/\/www.skimo.at\/rennen\/files\/2016\/10\/Erztrophy-2017-Strecke-Individual-Cadets-Junior-Damen-1-105x93.png 105w\" sizes=\"(max-width: 551px) 100vw, 551px\" \/><\/a><\/p>\n<p>1000 H\u00f6henmeter &#8211; Start um 11:00 Uhr (2. Korridor)<\/p>\n<ul>\n<li>Cadet (Jg. 2000 \u2013 2002) weiblich<\/li>\n<li>Cadet (Jg. 2000 \u2013 2002) m\u00e4nnlich<\/li>\n<li>Junior (Jg. 1997 \u2013 1999) weiblich Junior (Jg. 1997 \u2013 1999) m\u00e4nnlich<\/li>\n<li>Elite Damen Allgemein (Jg. 1973-1996) Elite Master Damen (Jg. 1972 \u2013 \u00e4lter)<\/li>\n<\/ul>\n<h3>Lange Strecke<\/h3>\n<p><a href=\"http:\/\/www.skimo.at\/rennen\/files\/2016\/10\/Erztrophy-2017-Strecke-Individual-Herren-1.png\" rel=\"attachment wp-att-260350\"><img loading=\"lazy\" class=\"alignnone  wp-image-260350\" src=\"http:\/\/www.skimo.at\/rennen\/files\/2016\/10\/Erztrophy-2017-Strecke-Individual-Herren-1.png\" alt=\"Erztrophy 2017 Strecke Individual Herren\" width=\"544\" height=\"493\" srcset=\"https:\/\/www.skimo.at\/rennen\/files\/2016\/10\/Erztrophy-2017-Strecke-Individual-Herren-1.png 823w, https:\/\/www.skimo.at\/rennen\/files\/2016\/10\/Erztrophy-2017-Strecke-Individual-Herren-1-300x272.png 300w, https:\/\/www.skimo.at\/rennen\/files\/2016\/10\/Erztrophy-2017-Strecke-Individual-Herren-1-768x695.png 768w, https:\/\/www.skimo.at\/rennen\/files\/2016\/10\/Erztrophy-2017-Strecke-Individual-Herren-1-554x501.png 554w, https:\/\/www.skimo.at\/rennen\/files\/2016\/10\/Erztrophy-2017-Strecke-Individual-Herren-1-103x93.png 103w\" sizes=\"(max-width: 544px) 100vw, 544px\" \/><\/a><\/p>\n<p>1500 H\u00f6henmeter &#8211; Start um 11:00 Uhr (1. Korridor)<\/p>\n<ul>\n<li>Elite Herren \/ Senior (Jg. 1973 \u2013 1996)<\/li>\n<li>Elite Master (Jg. 1972 \u2013 \u00e4lter) m\u00e4nnlich<\/li>\n<\/ul>\n<h3>Kombiwertung<\/h3>\n<p>mit Vertikalrennen (04.02.2017) Damen und Herren.<\/p>\n<p>Es werden insgesamt Preisgelder von \u20ac3000,- an die besten 10 Herren und die besten 5 Damen vergeben.<\/p>\n<h2>Reglement<\/h2>\n<p>Ausr\u00fcstung laut Reglement SKIMO und WO des \u00d6SV (<a href=\"http:\/\/www.skimo.at\/skibergsteigen\/service-und-downloads\/reglement\/\" target=\"_blank\">Reglement und Wettkampfordnung<\/a>).<\/p>\n<p>Alle Teilnehmer m\u00fcssen sich einer etwaigen Dopingkontrolle zur Verf\u00fcgung stellen.<\/p>\n<p><strong>Info:<\/strong> Es handelt sich um eine Outdoor Veranstaltung, bei der ein Unfall- und Verletzungsrisiko f\u00fcr die Teilnehmer besteht. Eine Unfall und Bergeversicherung f\u00fcr Wettk\u00e4mpfe wird daher allen Teilnehmern empfohlen. Eine Versicherung kann bei www.skimo.at beantragt werden. Der Veranstalter haftet nicht f\u00fcr Unf\u00e4lle oder Sch\u00e4den, die den Athleten, Begleitern, Zuschauern oder an Gegenst\u00e4nden durch die Veranstaltung entstehen, auch nicht gegen\u00fcber Dritten. Mit der Anmeldung akzeptiert der Teilnehmer alle Bedingungen des Wettkampfes und das Basisreglement des Skimo und der WO des \u00d6SV im vollen Umfang.<\/p>\n<h2>Anmeldung<\/h2>\n<p>Nennung bis<strong> 03.02.2017<\/strong> (18.00 Uhr) <a href=\"http:\/\/erztrophy.magix.net\/register.htm\" target=\"_blank\">hier<\/a>.\u00a0Nachnennungen (+ EUR 10.-) bis 1 Stunde vor Start m\u00f6glich<\/p>\n<p><strong>Nenngeld:<\/strong> Das Nenngeld von EUR 35.- Eliteklassen, EUR 20.- f\u00fcr Cadet und Junior, EUR 0.- f\u00fcr Sch\u00fcler ist im Vorhinein zu \u00fcberweisen. Jeder Teilnehmer erh\u00e4lt: Ein Starterpaket mit Give Aways der Sponsoren, Verpflegung auf der Strecke und im Ziel, Ein Essen im Arthurhaus, Duschm\u00f6glichkeit im Arthurhaus, Ergebnisliste (im Internet).<\/p>\n<p><span style=\"color: #ff0000\">Achtung Update: es wird eine Chipmiete von \u20ac3,- verlangt, die dann f\u00fcr beide Tage gilt.<\/span><\/p>\n<p><strong>Informationen \u00fcber das Rennen:<\/strong> bei Markus Stock +43 \/ 664 8474252 bzw. per E-Mail: erztrophy@gmail.com<\/p>\n<p><strong>\u00fcber Unterk\u00fcnfte:<\/strong> TVB Bischofshofen, Salzburgerstr. 1 A-5500 Bischofshofen Tel: +43 (0)64622471 E-Mail: info@bischofshofen.com Internet: <a href=\"http:\/\/www.bischofshofen.com\/\" target=\"_blank\">www.bischofshofen.com <\/a> <strong>oder<\/strong><br \/>\nTVB M\u00fchlbach am Hkg, Am Dorfplatz 154, 5505 M\u00fchlbach Telefon: +43(0)6584 2038840 E-Mail: region@hochkoenig.at Internet: <a href=\"http:\/\/www.hochkoenig.at\/\" target=\"_blank\">www.hochkoenig.at<\/a><\/p>\n<p><strong>ACHTUNG:<\/strong> Im Bereich Arthurhaus nur begrenzte Parkm\u00f6glichkeiten. Zeit einplanen!<\/p>\n<p><strong>Alle aktuellen Informationen zum Rennen gibt\u2019s auf der Website der Hochk\u00f6nig-Erztrophy:<\/strong>\u00a0<a href=\"http:\/\/www.erztrophy.at\/\" target=\"_blank\">www.erztrophy.at<\/a><\/p>\n","protected":false},"excerpt":{"rendered":"<p>Im Rahmen der Hochk\u00f6nig Erztrophy wird am 05.02.2017 der \u00d6sterreichische Meister der Saison 2016\/17 im Individual ermittelt.\u00a0Nachfolgend sind alle Informationen zum Programm, Klasseneinteilung, Reglement und Anmeldung zusammengefasst.<\/p>\n","protected":false},"author":36,"featured_media":260352,"parent":4,"menu_order":0,"comment_status":"closed","ping_status":"closed","template":"","meta":[],"yoast_head":"<!-- This site is optimized with the Yoast SEO plugin v16.3 - https:\/\/yoast.com\/wordpress\/plugins\/seo\/ -->\n<title>Staatsmeisterschaften Individual, M\u00fchlbach am Hochk\u00f6nig, 05.02.2017 - Rennen<\/title>\n<meta name=\"robots\" content=\"index, follow, max-snippet:-1, max-image-preview:large, max-video-preview:-1\" \/>\n<link rel=\"canonical\" href=\"https:\/\/skimo.73.jarolim.eu\/rennen\/staatsmeisterschaften\/staatsmeisterschaften-individual-bischofshofen-05-02-2017\/\" \/>\n<meta property=\"og:locale\" content=\"de_DE\" \/>\n<meta property=\"og:type\" content=\"article\" \/>\n<meta property=\"og:title\" content=\"Staatsmeisterschaften Individual, M\u00fchlbach am Hochk\u00f6nig, 05.02.2017 - Rennen\" \/>\n<meta property=\"og:description\" content=\"Im Rahmen der Hochk\u00f6nig Erztrophy wird am 05.02.2017 der \u00d6sterreichische Meister der Saison 2016\/17 im Individual ermittelt.\u00a0Nachfolgend sind alle Informationen zum Programm, Klasseneinteilung, Reglement und Anmeldung zusammengefasst.\" \/>\n<meta property=\"og:url\" content=\"https:\/\/skimo.73.jarolim.eu\/rennen\/staatsmeisterschaften\/staatsmeisterschaften-individual-bischofshofen-05-02-2017\/\" \/>\n<meta property=\"og:site_name\" content=\"Rennen\" \/>\n<meta property=\"article:modified_time\" content=\"2017-02-02T17:04:55+00:00\" \/>\n<meta property=\"og:image\" content=\"https:\/\/skimo.73.jarolim.eu\/rennen\/files\/2016\/10\/Logo-Hochk\u00f6nig-Erztrophy-2017-1.png\" \/>\n\t<meta property=\"og:image:width\" content=\"633\" \/>\n\t<meta property=\"og:image:height\" content=\"639\" \/>\n<meta name=\"twitter:card\" content=\"summary\" \/>\n<meta name=\"twitter:label1\" content=\"Gesch\u00e4tzte Lesezeit\">\n\t<meta name=\"twitter:data1\" content=\"3\u00a0Minuten\">\n<script type=\"application\/ld+json\" class=\"yoast-schema-graph\">{\"@context\":\"https:\/\/schema.org\",\"@graph\":[{\"@type\":\"WebSite\",\"@id\":\"https:\/\/skimo.73.jarolim.eu\/rennen\/#website\",\"url\":\"https:\/\/skimo.73.jarolim.eu\/rennen\/\",\"name\":\"Rennen\",\"description\":\"\",\"potentialAction\":[{\"@type\":\"SearchAction\",\"target\":\"https:\/\/skimo.73.jarolim.eu\/rennen\/?s={search_term_string}\",\"query-input\":\"required name=search_term_string\"}],\"inLanguage\":\"de\"},{\"@type\":\"ImageObject\",\"@id\":\"https:\/\/skimo.73.jarolim.eu\/rennen\/staatsmeisterschaften\/staatsmeisterschaften-individual-bischofshofen-05-02-2017\/#primaryimage\",\"inLanguage\":\"de\",\"url\":\"https:\/\/www.skimo.at\/rennen\/files\/2016\/10\/Logo-Hochk\\u00f6nig-Erztrophy-2017-1.png\",\"contentUrl\":\"https:\/\/www.skimo.at\/rennen\/files\/2016\/10\/Logo-Hochk\\u00f6nig-Erztrophy-2017-1.png\",\"width\":633,\"height\":639},{\"@type\":\"WebPage\",\"@id\":\"https:\/\/skimo.73.jarolim.eu\/rennen\/staatsmeisterschaften\/staatsmeisterschaften-individual-bischofshofen-05-02-2017\/#webpage\",\"url\":\"https:\/\/skimo.73.jarolim.eu\/rennen\/staatsmeisterschaften\/staatsmeisterschaften-individual-bischofshofen-05-02-2017\/\",\"name\":\"Staatsmeisterschaften Individual, M\\u00fchlbach am Hochk\\u00f6nig, 05.02.2017 - Rennen\",\"isPartOf\":{\"@id\":\"https:\/\/skimo.73.jarolim.eu\/rennen\/#website\"},\"primaryImageOfPage\":{\"@id\":\"https:\/\/skimo.73.jarolim.eu\/rennen\/staatsmeisterschaften\/staatsmeisterschaften-individual-bischofshofen-05-02-2017\/#primaryimage\"},\"datePublished\":\"2016-10-20T19:01:27+00:00\",\"dateModified\":\"2017-02-02T17:04:55+00:00\",\"breadcrumb\":{\"@id\":\"https:\/\/skimo.73.jarolim.eu\/rennen\/staatsmeisterschaften\/staatsmeisterschaften-individual-bischofshofen-05-02-2017\/#breadcrumb\"},\"inLanguage\":\"de\",\"potentialAction\":[{\"@type\":\"ReadAction\",\"target\":[\"https:\/\/skimo.73.jarolim.eu\/rennen\/staatsmeisterschaften\/staatsmeisterschaften-individual-bischofshofen-05-02-2017\/\"]}]},{\"@type\":\"BreadcrumbList\",\"@id\":\"https:\/\/skimo.73.jarolim.eu\/rennen\/staatsmeisterschaften\/staatsmeisterschaften-individual-bischofshofen-05-02-2017\/#breadcrumb\",\"itemListElement\":[{\"@type\":\"ListItem\",\"position\":1,\"item\":{\"@type\":\"WebPage\",\"@id\":\"https:\/\/skimo.73.jarolim.eu\/rennen\/\",\"url\":\"https:\/\/skimo.73.jarolim.eu\/rennen\/\",\"name\":\"Home\"}},{\"@type\":\"ListItem\",\"position\":2,\"item\":{\"@type\":\"WebPage\",\"@id\":\"https:\/\/skimo.73.jarolim.eu\/rennen\/staatsmeisterschaften\/\",\"url\":\"https:\/\/skimo.73.jarolim.eu\/rennen\/staatsmeisterschaften\/\",\"name\":\"Staatsmeisterschaften\"}},{\"@type\":\"ListItem\",\"position\":3,\"item\":{\"@id\":\"https:\/\/skimo.73.jarolim.eu\/rennen\/staatsmeisterschaften\/staatsmeisterschaften-individual-bischofshofen-05-02-2017\/#webpage\"}}]}]}<\/script>\n<!-- \/ Yoast SEO plugin. -->","_links":{"self":[{"href":"https:\/\/www.skimo.at\/rennen\/wp-json\/wp\/v2\/pages\/241563"}],"collection":[{"href":"https:\/\/www.skimo.at\/rennen\/wp-json\/wp\/v2\/pages"}],"about":[{"href":"https:\/\/www.skimo.at\/rennen\/wp-json\/wp\/v2\/types\/page"}],"author":[{"embeddable":true,"href":"https:\/\/www.skimo.at\/rennen\/wp-json\/wp\/v2\/users\/36"}],"replies":[{"embeddable":true,"href":"https:\/\/www.skimo.at\/rennen\/wp-json\/wp\/v2\/comments?post=241563"}],"version-history":[{"count":8,"href":"https:\/\/www.skimo.at\/rennen\/wp-json\/wp\/v2\/pages\/241563\/revisions"}],"predecessor-version":[{"id":244539,"href":"https:\/\/www.skimo.at\/rennen\/wp-json\/wp\/v2\/pages\/241563\/revisions\/244539"}],"up":[{"embeddable":true,"href":"https:\/\/www.skimo.at\/rennen\/wp-json\/wp\/v2\/pages\/4"}],"wp:featuredmedia":[{"embeddable":true,"href":"https:\/\/www.skimo.at\/rennen\/wp-json\/wp\/v2\/media\/260352"}],"wp:attachment":[{"href":"https:\/\/www.skimo.at\/rennen\/wp-json\/wp\/v2\/media?parent=241563"}],"curies":[{"name":"wp","href":"https:\/\/api.w.org\/{rel}","templated":true}]}}