{"version":"1.0","provider_name":"Rennen","provider_url":"https:\/\/www.skimo.at\/rennen","author_name":"kposch","author_url":"https:\/\/www.skimo.at\/rennen\/author\/kposch\/","title":"Erztrophy 2024 - Bildergalerie vom Verticalrennen - Rennen","type":"rich","width":600,"height":338,"html":"<blockquote class=\"wp-embedded-content\"><a href=\"https:\/\/www.skimo.at\/rennen\/300545\/erztrophy-2024-bildergalerie-vom-verticalrennen\/\">Erztrophy 2024 &#8211; Bildergalerie vom Verticalrennen<\/a><\/blockquote>\n<script type='text\/javascript'>\n<!--\/\/--><![CDATA[\/\/><!--\n\t\t\/*! This file is auto-generated *\/\n\t\t!function(d,l){\"use strict\";var e=!1,n=!1;if(l.querySelector)if(d.addEventListener)e=!0;if(d.wp=d.wp||{},!d.wp.receiveEmbedMessage)if(d.wp.receiveEmbedMessage=function(e){var t=e.data;if(t)if(t.secret||t.message||t.value)if(!\/[^a-zA-Z0-9]\/.test(t.secret)){for(var r,i,a,s=l.querySelectorAll('iframe[data-secret=\"'+t.secret+'\"]'),n=l.querySelectorAll('blockquote[data-secret=\"'+t.secret+'\"]'),o=new RegExp(\"^https?:$\",\"i\"),c=0;c<n.length;c++)n[c].style.display=\"none\";for(c=0;c<s.length;c++)if(r=s[c],e.source===r.contentWindow){if(r.removeAttribute(\"style\"),\"height\"===t.message){if(1e3<(a=parseInt(t.value,10)))a=1e3;else if(~~a<200)a=200;r.height=a}if(\"link\"===t.message)if(i=l.createElement(\"a\"),a=l.createElement(\"a\"),i.href=r.getAttribute(\"src\"),a.href=t.value,o.test(a.protocol))if(a.host===i.host)if(l.activeElement===r)d.top.location.href=t.value}}},e)d.addEventListener(\"message\",d.wp.receiveEmbedMessage,!1),l.addEventListener(\"DOMContentLoaded\",t,!1),d.addEventListener(\"load\",t,!1);function t(){if(!n){n=!0;for(var e,t,r=-1!==navigator.appVersion.indexOf(\"MSIE 10\"),i=!!navigator.userAgent.match(\/Trident.*rv:11\\.\/),a=l.querySelectorAll(\"iframe.wp-embedded-content\"),s=0;s<a.length;s++){if(!(e=a[s]).getAttribute(\"data-secret\"))t=Math.random().toString(36).substr(2,10),e.src+=\"#?secret=\"+t,e.setAttribute(\"data-secret\",t);if(r||i)(t=e.cloneNode(!0)).removeAttribute(\"security\"),e.parentNode.replaceChild(t,e)}}}}(window,document);\n\/\/--><!]]>\n<\/script><iframe sandbox=\"allow-scripts\" security=\"restricted\" src=\"https:\/\/www.skimo.at\/rennen\/300545\/erztrophy-2024-bildergalerie-vom-verticalrennen\/embed\/\" width=\"600\" height=\"338\" title=\"&#8222;Erztrophy 2024 &#8211; Bildergalerie vom Verticalrennen&#8220; &#8211; Rennen\" frameborder=\"0\" marginwidth=\"0\" marginheight=\"0\" scrolling=\"no\" class=\"wp-embedded-content\"><\/iframe>","thumbnail_url":"https:\/\/www.skimo.at\/rennen\/files\/2024\/01\/erztrophy2024-vertical-poschkarl-fullresolution-83.jpg","thumbnail_width":1920,"thumbnail_height":1280,"description":"Ein wahrlich tolles Rennen bot heute der erste Tag der Erztrophy in Werfenweng. Das Vertical auf den Bischling war bestens organisiert und trotz einiger kurzfristiger Absagen zahlenm\u00e4\u00dfig und qualitativ gut besucht. Und sogar Petrus hatte erbarmen mit den Sportlern: w\u00e4hrend der Streckenbau noch im Regen stattfinden musste, war genau zum Rennen doch tats\u00e4chlich sch\u00f6nes, warmes [&hellip;]"}

Ein wahrlich tolles Rennen bot heute der erste Tag der Erztrophy in Werfenweng. Das Vertical auf den Bischling war bestens organisiert und trotz einiger kurzfristiger Absagen zahlenmäßig und qualitativ gut besucht. Und sogar Petrus hatte erbarmen mit den Sportlern: während der Streckenbau noch im Regen stattfinden musste, war genau zum Rennen doch tatsächlich schönes, warmes [&hellip;]
